{"id":54,"date":"2017-01-02T00:01:30","date_gmt":"2017-01-01T23:01:30","guid":{"rendered":"https:\/\/internet-telefon-fernsehen.de\/?page_id=54"},"modified":"2017-04-04T15:22:52","modified_gmt":"2017-04-04T13:22:52","slug":"kundenservice","status":"publish","type":"page","link":"https:\/\/aktionen-tarife.de\/1und1\/kontakt\/kundenservice","title":{"rendered":"1&#038;1 Kundenservice: Hotline, Kontaktformular und Hilfe"},"content":{"rendered":"<p><span class=\"desktop-tablet\"><img decoding=\"async\" class=\"alignright size-full wp-image-419\" src=\"https:\/\/aktionen-tarife.de\/1und1\/inhalte\/2015\/08\/1und1-kundenservice.jpg\" alt=\"1&amp;1 Kundenservice: Hotline, Kontaktformular und Hilfe\" width=\"150\" height=\"100\" srcset=\"https:\/\/aktionen-tarife.de\/1und1\/inhalte\/2015\/08\/1und1-kundenservice.jpg 150w, https:\/\/aktionen-tarife.de\/1und1\/inhalte\/2015\/08\/1und1-kundenservice-80x53.jpg 80w\" sizes=\"(max-width: 150px) 100vw, 150px\" \/>Hier sind Sie richtig, wenn Sie bereits einen 1&amp;1 Tarif nutzen (<strong><a title=\"1&amp;1 Festnetz Tarife: DSL \/ VDSL, Telefonanschluss und TV\" href=\"https:\/\/aktionen-tarife.de\/1und1\/festnetz\">Festnetz<\/a><\/strong>, <strong><a title=\"1&amp;1 Mobilfunk Tarife f\u00fcr Smartphone, Tablet und Notebook\" href=\"https:\/\/aktionen-tarife.de\/1und1\/mobilfunk\">Mobilfunk<\/a><\/strong>, <strong><a title=\"1&amp;1 Hosting: Domains, Webhosting, Server, Mail und eShops\" href=\"https:\/\/aktionen-tarife.de\/1und1\/hosting\">Hosting<\/a><\/strong>). An dieser Stelle finden Sie die Kontaktm\u00f6glichkeiten des<strong><span class=\"farbig\"> 1&amp;1 Kundenservice<\/span><\/strong> (Kundenhotline, Kontaktformular, Anschrift usw.). Eine Beratung f\u00fcr einen neuen Tarif (Neukunde oder zus\u00e4tzlicher Vertrag) durch uns als 1&amp;1 Partner erhalten Sie <strong><a title=\"Callback \/ R\u00fcckruf: telefonische Beratung zu 1&amp;1 Tarifen\" href=\"https:\/\/aktionen-tarife.de\/1und1\/kontakt\/telefonische-beratung\">HIER<\/a><\/strong>. <\/span><span class=\"smartphone\">Kontakt zum <strong><span class=\"farbig\">1&amp;1 Kundenservice<\/span><\/strong> (Kundenhotline, Kontaktformular, Anschrift usw.). Beratung f\u00fcr neuen 1&amp;1 Tarif <strong><a title=\"Callback \/ R\u00fcckruf: telefonische Beratung zu 1&amp;1 Tarifen\" href=\"https:\/\/aktionen-tarife.de\/1und1\/kontakt\/telefonische-beratung\">HIER<\/a><\/strong>.<\/span><\/p>\n<hr \/>\n<h2><span class=\"desktop-tablet\"><span class=\"farbig\">Schriftlicher Kontakt<\/span> mit dem 1&amp;1 Kundenservice (f\u00fcr Bestandskunden) <\/span><span class=\"smartphone\"><span class=\"farbig\">Schriftlicher Kontakt 1&amp;1 Kundenservice<\/span><\/span><\/h2>\n<ul>\n<li><strong><a title=\"1&amp;1 Kundenlogin (Contro-Center)\" href=\"https:\/\/aktionen-tarife.de\/1und1\/zum-anbieter\/service\/1und1-service-login\" target=\"_blank\">1&amp;1 Kundenlogin<\/a>:<\/strong> Im 1&amp;1 Control-Center Vertr\u00e4ge &amp; Kundendaten online verwalten.<\/li>\n<li><a title=\"1&amp;1 Vertragsverwaltung\" href=\"https:\/\/aktionen-tarife.de\/1und1\/zum-anbieter\/service\/1und1-service\" target=\"_blank\"><strong>1&amp;1 Vertrag \/ Optionen k\u00fcndigen<\/strong><\/a>: K\u00fcndigung von Tarif oder Zubuchoptionen.<\/li>\n<li><strong><a title=\"1&amp;1 Kontaktformular (schriftliche Anfrage)\" href=\"https:\/\/aktionen-tarife.de\/1und1\/zum-anbieter\/service\/1und1-service-kontakt\" target=\"_blank\">1&amp;1 Kontaktformular<\/a>:<\/strong> Fragen zum Vertrag online stellen per Anfrageformular.<\/li>\n<li><strong><a title=\"Hotlines 1&amp;1 Kundenservice im \u00dcberblick\" href=\"https:\/\/aktionen-tarife.de\/1und1\/zum-anbieter\/service\/1und1-service-kontakt\" target=\"_blank\">1&amp;1 Hotlines im \u00dcberblick<\/a><\/strong>: telefonischer Kontakt zum 1und1 Kundenservice.<\/li>\n<li><strong>Anschrift 1&amp;1:<\/strong> 1&amp;1 Internet SE \/ Elgendorfer Str. 57 \/ 56410 Montabaur.<\/li>\n<li><strong>Fax-Nr. 1&amp;1 Kundenservice:<\/strong> 01805-001372 (14 Ct.\/Min. aus dem dt. Festnetz).<\/li>\n<\/ul>\n<hr \/>\n<h2><span class=\"desktop-tablet\">1&amp;1 <span class=\"farbig\">Hotline Kundenservice<\/span> (zum Festnetz Tarif anrufen) <\/span><span class=\"smartphone\"><span class=\"farbig\">1&amp;1 Hotline Kundenservice<\/span><\/span><\/h2>\n<p>Bei St\u00f6rungen, Rechnungsfragen, f\u00fcr Tarifwechsel o.\u00e4. finden Sie hier die <strong><a href=\"https:\/\/aktionen-tarife.de\/1und1\/kontakt\/hotline\">Hotline<\/a><\/strong> vom 1&amp;1 Kundenservice. Als Alternative zum Anruf k\u00f6nnen Sie auch das <a title=\"Login zum 1&amp;1 Control-Center (1&amp;1 Kundenlogin)\" href=\"https:\/\/aktionen-tarife.de\/1und1\/login-control-center\">1&amp;1 Control-Center<\/a> nutzen.<\/p>\n<ul class=\"desktop-tablet\">\n<li><strong>1&amp;1 Hotline f\u00fcr Festnetz, Mobilfunk und Hosting<\/strong> (zum Festnetz-Tarif): <strong><a href=\"tel:+497219600\" >0721 96 00<\/a><\/strong><\/li>\n<\/ul>\n<ul class=\"smartphone\">\n<li><strong>1&amp;1 Hotline<\/strong> (zum Festnetz-Tarif): <strong><a href=\"tel:+497219600\" >0721 96 00<\/a><\/strong><\/li>\n<\/ul>\n<hr \/>\n<h2><span class=\"desktop-tablet\"><span class=\"farbig\">Beratung und Bestellung<\/span> neuer 1&amp;1 Tarif (Tarifberatung &amp; Verkauf) <\/span><span class=\"smartphone\"><span class=\"farbig\">Bestellhotline \/ Tarifberatung<\/span><\/span><\/h2>\n<p><img decoding=\"async\" class=\"alignright size-full wp-image-420\" src=\"https:\/\/aktionen-tarife.de\/1und1\/inhalte\/2015\/08\/1und1-beratung-neukunden.jpg\" alt=\"1&amp;1 Beratung f\u00fcr Neukunden\" width=\"300\" height=\"200\" srcset=\"https:\/\/aktionen-tarife.de\/1und1\/inhalte\/2015\/08\/1und1-beratung-neukunden.jpg 300w, https:\/\/aktionen-tarife.de\/1und1\/inhalte\/2015\/08\/1und1-beratung-neukunden-150x100.jpg 150w, https:\/\/aktionen-tarife.de\/1und1\/inhalte\/2015\/08\/1und1-beratung-neukunden-80x53.jpg 80w, https:\/\/aktionen-tarife.de\/1und1\/inhalte\/2015\/08\/1und1-beratung-neukunden-210x140.jpg 210w\" sizes=\"(max-width: 300px) 100vw, 300px\" \/><span class=\"desktop-tablet\">F\u00fcr 1&amp;1 Neukunden oder Bestandskunden, die einen neuen \/ zus\u00e4tzlichen Tarif bestellen m\u00f6chten, beraten wir als autorisierter 1&amp;1 Partner Sie gern unverbindlich und kostenlos zu <a title=\"1&amp;1 Festnetz Tarife: DSL \/ VDSL, Telefonanschluss und TV\" href=\"https:\/\/aktionen-tarife.de\/1und1\/festnetz\"><strong>Festnetz<\/strong><\/a> (DSL, VDSL, Telefon, TV), <strong><a title=\"1&amp;1 Mobilfunk Tarife f\u00fcr Smartphone, Tablet und Notebook\" href=\"https:\/\/aktionen-tarife.de\/1und1\/mobilfunk\">Mobilfunk<\/a><\/strong> (Smartphone und Datentarife) sowie <a title=\"1&amp;1 Hosting: Domains, Webhosting, Server, Mail und eShops\" href=\"https:\/\/aktionen-tarife.de\/1und1\/hosting\"><strong>Hosting<\/strong><\/a> Angeboten:\u00a0 unter Telefon <strong><a href=\"tel:+4939434099911\" onclick=\"ga('send', 'event', 'hotline', 'hotline-content', 'hotline-content-mit-zeit');\">0 39 43 \/ 40 999 11<\/a><\/strong> (Mo.-Fr. 7:30-22 \/ Sa. 8-22 \/ So. + Feiertag 10-22 Uhr) erreichen Sie uns. Alternativ k\u00f6nnen Sie den <a title=\"Callback \/ R\u00fcckruf: telefonische Beratung zu 1&amp;1 Tarifen\" href=\"https:\/\/aktionen-tarife.de\/1und1\/kontakt\/telefonische-beratung\">R\u00fcckruf Service<\/a> nutzen oder eine <a title=\"Kontaktformular: schriftliche Anfrage zu 1&amp;1 Tarifen\" href=\"https:\/\/aktionen-tarife.de\/1und1\/kontakt\/schriftliche-anfrage\">schriftliche Anfrage<\/a> stellen. Gern senden wir Ihnen auch gratis Bestellformulare <a title=\"Bestellformulare \/ Flyer f\u00fcr 1&amp;1 Tarife per Post \/ eMail\" href=\"https:\/\/aktionen-tarife.de\/1und1\/kontakt\/unterlagen-zusenden\">per Post zu<\/a>. <\/span><span class=\"smartphone\">F\u00fcr 1&amp;1 Neukunden oder Bestandskunden, die einen neuen \/ weiteren Tarif bestellen m\u00f6chten, beraten wir als autorisierter 1&amp;1 Partner Sie gern unverbindlich und kostenlos zu <a title=\"1&amp;1 Festnetz Tarife: DSL \/ VDSL, Telefonanschluss und TV\" href=\"https:\/\/aktionen-tarife.de\/1und1\/festnetz\"><strong>Festnetz<\/strong><\/a> (DSL \/ VDSL, Telefon, TV), <strong><a title=\"1&amp;1 Mobilfunk Tarife f\u00fcr Smartphone, Tablet und Notebook\" href=\"https:\/\/aktionen-tarife.de\/1und1\/mobilfunk\">Mobilfunk<\/a><\/strong> (Smartphone und Datentarife) sowie <a title=\"1&amp;1 Hosting: Domains, Webhosting, Server, Mail und eShops\" href=\"https:\/\/aktionen-tarife.de\/1und1\/hosting\"><strong>Hosting<\/strong><\/a> Angeboten: unter der Hotline <strong><a href=\"tel:+4939434099911\" onclick=\"ga('send', 'event', 'hotline', 'hotline-content', 'hotline-content-mit-zeit');\">0 39 43 \/ 40 999 11<\/a><\/strong> (Mo.-Fr. 7:30-22 \/ Sa. 8-22 \/ So. + Feiertag 10-22 Uhr) erreichen Sie uns. Alternativ k\u00f6nnen Sie unseren <a title=\"Callback \/ R\u00fcckruf: telefonische Beratung zu 1&amp;1 Tarifen\" href=\"https:\/\/aktionen-tarife.de\/1und1\/kontakt\/telefonische-beratung\">R\u00fcckruf Service<\/a> nutzen oder eine <a title=\"Kontaktformular: schriftliche Anfrage zu 1&amp;1 Tarifen\" href=\"https:\/\/aktionen-tarife.de\/1und1\/kontakt\/schriftliche-anfrage\">schriftliche Anfrage<\/a> stellen. Gern senden wir Ihnen auch kostenlos Bestellformulare <a title=\"Bestellformulare \/ Flyer f\u00fcr 1&amp;1 Tarife per Post \/ eMail\" href=\"https:\/\/aktionen-tarife.de\/1und1\/kontakt\/unterlagen-zusenden\">per Post zu<\/a>. <\/span><\/p>\n","protected":false},"excerpt":{"rendered":"<p>Hier sind Sie richtig, wenn Sie bereits einen 1&amp;1 Tarif nutzen (Festnetz, Mobilfunk, Hosting). An dieser Stelle finden Sie die Kontaktm\u00f6glichkeiten des 1&amp;1 Kundenservice (Kundenhotline, Kontaktformular, Anschrift usw.). Eine Beratung f\u00fcr einen neuen Tarif (Neukunde oder zus\u00e4tzlicher Vertrag) durch uns als 1&amp;1 Partner erhalten Sie HIER. Kontakt zum 1&amp;1 Kundenservice (Kundenhotline, Kontaktformular, Anschrift usw.). Beratung &hellip; <a href=\"https:\/\/aktionen-tarife.de\/1und1\/kontakt\/kundenservice\" class=\"more-link\"><span class=\"screen-reader-text\">1&#038;1 Kundenservice: Hotline, Kontaktformular und Hilfe<\/span> weiterlesen <span class=\"meta-nav\">&rarr;<\/span><\/a><\/p>\n","protected":false},"author":30,"featured_media":0,"parent":36,"menu_order":900060,"comment_status":"closed","ping_status":"closed","template":"","meta":{"footnotes":""},"class_list":["post-54","page","type-page","status-publish","hentry"],"_links":{"self":[{"href":"https:\/\/aktionen-tarife.de\/1und1\/wp-json\/wp\/v2\/pages\/54","targetHints":{"allow":["GET"]}}],"collection":[{"href":"https:\/\/aktionen-tarife.de\/1und1\/wp-json\/wp\/v2\/pages"}],"about":[{"href":"https:\/\/aktionen-tarife.de\/1und1\/wp-json\/wp\/v2\/types\/page"}],"author":[{"embeddable":true,"href":"https:\/\/aktionen-tarife.de\/1und1\/wp-json\/wp\/v2\/users\/30"}],"replies":[{"embeddable":true,"href":"https:\/\/aktionen-tarife.de\/1und1\/wp-json\/wp\/v2\/comments?post=54"}],"version-history":[{"count":0,"href":"https:\/\/aktionen-tarife.de\/1und1\/wp-json\/wp\/v2\/pages\/54\/revisions"}],"up":[{"embeddable":true,"href":"https:\/\/aktionen-tarife.de\/1und1\/wp-json\/wp\/v2\/pages\/36"}],"wp:attachment":[{"href":"https:\/\/aktionen-tarife.de\/1und1\/wp-json\/wp\/v2\/media?parent=54"}],"curies":[{"name":"wp","href":"https:\/\/api.w.org\/{rel}","templated":true}]}}