{"id":514,"date":"2017-07-02T00:01:29","date_gmt":"2017-07-01T22:01:29","guid":{"rendered":"https:\/\/aktionen-tarife.de\/1und1\/?page_id=514"},"modified":"2022-12-22T19:34:14","modified_gmt":"2022-12-22T18:34:14","slug":"all-net-flat-plus","status":"publish","type":"page","link":"https:\/\/aktionen-tarife.de\/1und1\/archiv-smartphone-tarife\/all-net-flat-plus","title":{"rendered":"1&#038;1 All-Net-Flat Plus &#8211; auf Wunsch mit Top-Smartphone"},"content":{"rendered":"<p><a title=\"1&amp;1 Allnet Flat Tarife online bestellen\" href=\"https:\/\/aktionen-tarife.de\/1und1\/zum-anbieter\/handytarife\/1und1-handytarife-allgemein\" target=\"_blank\" rel=\"noopener\"><img decoding=\"async\" class=\"alignright size-full wp-image-552\" src=\"https:\/\/aktionen-tarife.de\/1und1\/inhalte\/2015\/09\/1und1-onlinebestellung.png\" alt=\"1&amp;1 Onlinebestellung\" width=\"150\" height=\"30\" srcset=\"https:\/\/aktionen-tarife.de\/1und1\/inhalte\/2015\/09\/1und1-onlinebestellung.png 150w, https:\/\/aktionen-tarife.de\/1und1\/inhalte\/2015\/09\/1und1-onlinebestellung-80x16.png 80w\" sizes=\"(max-width: 150px) 100vw, 150px\" \/><\/a>Der Smartphone Tarif <span class=\"farbig\">1&amp;1 All-Net-Flat Plus<\/span> beinhaltet eine Telefon- und eine SMS-Flatrate in alle deutschen Netze (Allnet) sowie eine mobile Internet-Flat (<strong>1,5 GB<\/strong> Highspeed-Volumen mit <a href=\"https:\/\/aktionen-tarife.de\/1und1\/lte-4g\">LTE<\/a> Speed \/ <strong><span style=\"color: #ff0000;\"><strong>zurzeit Aktion 6 GB mtl.<\/strong><\/span><\/strong>). Die All-Net-Flat Plus kostet <span class=\"farbig\">29,99 \u20ac monatlich<\/span> (neues Smartphone ab 15 \u20ac Aufpreis mtl.) und beinhaltet bereits eine <a href=\"https:\/\/aktionen-tarife.de\/1und1\/mobilfunk\/auslandstarife\/eu-flat-surfen-telefonieren\">EU-Flat<\/a>. Den Tarif gibt es auch ohne Vertragslaufzeit.<\/p>\n<hr \/>\n<h2><span class=\"desktop-tablet\"><span class=\"farbig\">Angebote<\/span> f\u00fcr den Tarif 1&amp;1 All-Net-Flat Plus im <span style=\"color: #ff0000;\">April 2026 <\/span><\/span><span class=\"smartphone\"><span style=\"color: #ff0000;\">Angebote im April 2026<\/span><\/span><\/h2>\n<p>Entscheiden Sie sich bis zum <span style=\"color: #ff0000;\">30.04.2026<\/span> f\u00fcr den beliebten Tarif 1&amp;1 All-Net-Flat Plus und profitieren Sie von folgenden Preis- und sonstigen Vorteilen:<\/p>\n<ul>\n<li>Allnet-Flat Plus mit mehr <strong>Highspeed-Volumen<\/strong> ohne Aufpreis: <span class=\"farbig\">6 GB statt 1,5 GB je Monat<\/span>!<\/li>\n<li><span class=\"farbig\">10 \u20ac Wechslerbonu<\/span><span class=\"farbig\">s<\/span> &#8211; bei Mitnahme Ihrer Mobilfunknummer von einem anderen Anbieter.<\/li>\n<li>Sie haben die Wahl: Bereitstellung im E-Plus Netz (inkl. <a title=\"o2 Tarife und Angebote\" href=\"https:\/\/o2.surfen-telefonieren.de\/\" target=\"_blank\" rel=\"noopener\">o2<\/a>) und 12 Monate lang je 10 \u20ac Rabatt erhalten (<span class=\"farbig\">120 \u20ac sparen<\/span>) oder Bereitstellung im <a title=\"Vodafone Tarife und Angebote\" href=\"https:\/\/tarife-aktionen.de\/vodafone\/\" target=\"_blank\" rel=\"noopener\">Vodafone<\/a> D2 Mobilfunk-Netz.<\/li>\n<li><a title=\"Smartphones g\u00fcnstig mit 1&amp;1 Allnet Flat Tarif\" href=\"https:\/\/aktionen-tarife.de\/1und1\/infos\/smartphones\"><strong>Aktuelle Top-Smartphones<\/strong><\/a> <span class=\"farbig\">ab 0 \u20ac Zuzahlung<\/span> (zzgl. 15 \u20ac monatlicher Aufpreis). Auch aktuelle Ger\u00e4te von <a title=\"Apple iPhone mit 1&amp;1 All-Net-Flat Tarifen\" href=\"https:\/\/aktionen-tarife.de\/1und1\/aktuelles\/smartphones-apple-iphone\">Apple (iPhone)<\/a> oder <a title=\"Samsung Galaxy Smartphones mit 1&amp;1 All-Net-Flat Tarifen\" href=\"https:\/\/aktionen-tarife.de\/1und1\/aktuelles\/smartphones-samsung\">Samsung (Galaxy)<\/a> erhalten Sie kosteng\u00fcnstig.<\/li>\n<\/ul>\n<hr \/>\n<h2><span class=\"desktop-tablet\"><span class=\"farbig\">Tarifdetails<\/span> der 1&amp;1 Allnet Flat Plus &#8211; preiswerter Smartphone Tarif <\/span><span class=\"smartphone\"><span class=\"farbig\">Tarifdetails<\/span> All-Net-Flat Plus<\/span><\/h2>\n<ul>\n<li><span class=\"farbig\">Telefon-Flat<\/span>: unbegrenzt vom <a href=\"https:\/\/aktionen-tarife.de\/1und1\/smartphones\">Handy<\/a> aus in das gesamte deutsche Festnetz und in alle deutschen Mobilfunknetze (Vodafone, Telekom, o2 und E-Plus) anrufen\u00a0= <strong>Allnet Flat<\/strong>.<\/li>\n<li><span class=\"farbig\">Internet-Flat f\u00fcr unterwegs<\/span>: mit <a href=\"https:\/\/aktionen-tarife.de\/1und1\/lte-4g\">LTE<\/a> Geschwindigkeit (im o2- \/ E-Netz) oder bis 42,2 MBit\/s via 3G (im Vodafone Netz)\u00a0 mit monatlich <strong>1,5 GB<\/strong> Datenvolumen (im Rahmen von Neukunden-Aktionen ggf. mehr) mit Ihrem Smartphone surfen. Danach Drosselung auf 64 kBit\/s.\n<ul>\n<li><em>Auf Wunsch Daten-Upgrade (monatlich k\u00fcndbar): 500 MB f\u00fcr 2,99 \u20ac \/ 2 GB f\u00fcr 9,99 \u20ac.<\/em><\/li>\n<li><em>Mehr Datenvolumen erhalten Sie alternativ auch in dem Tarif <a title=\"1&amp;1 All-Net-Flat Pro \u2013 auf Wunsch mit Smartphone\" href=\"https:\/\/aktionen-tarife.de\/1und1\/all-net-flat-lte\/xl\">All-Net-Flat Pro<\/a>.<\/em><\/li>\n<\/ul>\n<\/li>\n<li><span class=\"farbig\">SMS<\/span><span class=\"farbig\">-Flat<\/span>: kostenlos SMS in alle deutschen Handynetze (Allnet) versenden.<\/li>\n<li><span class=\"farbig\">Extras<\/span>: <strong>25 GB Online-Speicher<\/strong> &#8211; \u00fcberall Zugriff auf Ihre Daten via Cloud.<\/li>\n<li><span class=\"farbig\">Roaming (Ausland):<\/span> Inklusive <a href=\"https:\/\/aktionen-tarife.de\/1und1\/mobilfunk\/auslandstarife\/eu-flat-surfen-telefonieren\">EU-Auslandsflat<\/a>\u00a0 = in EU-L\u00e4ndern monatlich 1 GB surfen, Telefonate kostenlos annehmen, kostenlos im gleichen Land &amp; nach Deutschland anrufen.<\/li>\n<li><span class=\"farbig\">Service:\u00a0<\/span> der 1&amp;1 Allnet Flat Plus Tarif beinhaltet den Premium-Service nach dem <a href=\"https:\/\/aktionen-tarife.de\/1und1\/all-net-flat\/1und1-prinzip-premium-service\"><strong>1&amp;1 Prinzip<\/strong><\/a>, u.a. Mobilfunk-Paket <strong>1 Monat ohne Risiko testen<\/strong>, kostenloser <strong>Vor-Ort-Austausch<\/strong> von defekten Handys (innerhalb der Garantie) und kostenlose 24-Stunden-Hotline.<\/li>\n<li>1&amp;1 All-Net-Flat Plus Mindestvertragslaufzeit 24 Monate (K\u00fcndigungsfrist 3 Monate). Ohne neues Endger\u00e4t ist der Tarif auch <strong>ohne Mindestvertragslaufzeit<\/strong> erh\u00e4ltlich (K\u00fcndigungsfrist: 14 Tage zum Monatsende \/ im E-Netz kein Preisvorteil \/ im Vodafone Netz +5 \u20ac mtl.).<\/li>\n<li><span class=\"farbig\">Preis:<\/span> 29,99 \u20ac je Monat oder mit Top-Smartphone 44,99 \u20ac je Monat. Bereitstellung 29,90 \u20ac. Versand kostenlos oder Premium Versand (Overnight \/ Wunschtermin) gegen Aufpreis.<\/li>\n<\/ul>\n<hr \/>\n<p><span class=\"rot\">Smartphone \u00dcbersicht:<\/span> <strong><a href=\"https:\/\/aktionen-tarife.de\/1und1\/infos\/smartphones\">ALLE<\/a> &#8211; <a href=\"https:\/\/aktionen-tarife.de\/1und1\/aktuelles\/top-smartphones\">Top-Smartphones<\/a> &#8211; <a href=\"https:\/\/aktionen-tarife.de\/1und1\/aktuelles\/guenstige-smartphones\">G\u00fcnstige Smartphones<\/a> &#8211; <a href=\"https:\/\/aktionen-tarife.de\/1und1\/aktuelles\/phablets\">Phablets<\/a><\/strong><\/p>\n<hr \/>\n<h2><span class=\"desktop-tablet\"><span class=\"farbig\">Bestellung <\/span>1&amp;1 Allnet Flat Plus Smartphone Tarif <\/span><span class=\"smartphone\"><span class=\"farbig\">Bestellung <\/span>1&amp;1 Allnet Flat Plus<\/span><\/h2>\n<p><a title=\"1&amp;1 All-Net-Flat Tarife online bestellen\" href=\"https:\/\/aktionen-tarife.de\/1und1\/zum-anbieter\/handytarife\/1und1-handytarife-allgemein\" target=\"_blank\" rel=\"noopener\"><img decoding=\"async\" class=\"alignright size-full wp-image-552\" src=\"https:\/\/aktionen-tarife.de\/1und1\/inhalte\/2015\/09\/1und1-onlinebestellung.png\" alt=\"1&amp;1 Onlinebestellung\" width=\"150\" height=\"30\" srcset=\"https:\/\/aktionen-tarife.de\/1und1\/inhalte\/2015\/09\/1und1-onlinebestellung.png 150w, https:\/\/aktionen-tarife.de\/1und1\/inhalte\/2015\/09\/1und1-onlinebestellung-80x16.png 80w\" sizes=\"(max-width: 150px) 100vw, 150px\" \/><\/a><span class=\"desktop-tablet\">Als 1&amp;1 Mobilfunk Neukunde k\u00f6nnen Sie die 1&amp;1 Allnet Flat Plus direkt <a title=\"1&amp;1 All-Net-Flat Plus Tarif online bestellen\" href=\"https:\/\/aktionen-tarife.de\/1und1\/zum-anbieter\/handytarife\/1und1-handytarife-allgemein\" target=\"_blank\" rel=\"noopener\"><strong>online bestellen<\/strong><\/a>. F\u00fcr einen Tarifwechsel \/ Vertragsverl\u00e4ngerung wenden sich Bestandskunden bitte an den <a title=\"1&amp;1 Kundenservice: Hotline, Kontaktformular und Hilfe\" href=\"https:\/\/aktionen-tarife.de\/1und1\/kontakt\/kundenservice\">1&amp;1 Kundenservice<\/a>. <\/span><span class=\"smartphone\">1&amp;1 Allnet Flat Plus Tarif direkt im <strong><a title=\"1&amp;1 All-Net-Flat Plus Tarif online bestellen\" href=\"https:\/\/aktionen-tarife.de\/1und1\/zum-anbieter\/handytarife\/1und1-handytarife-allgemein\" target=\"_blank\" rel=\"noopener\">1&amp;1 Onlineshop<\/a><\/strong> bestellen.<\/span><\/p>\n<p><a title=\"Callback \/ R\u00fcckruf: telefonische Bestellung 1&amp;1 All-Net-Flat Tarife\" href=\"https:\/\/aktionen-tarife.de\/1und1\/kontakt\/telefonische-beratung\"><img decoding=\"async\" class=\"alignright size-full wp-image-553\" src=\"https:\/\/aktionen-tarife.de\/1und1\/inhalte\/2015\/09\/1und1-telefonisch-bestellen.png\" alt=\"1&amp;1 telefonisch bestellen\" width=\"150\" height=\"30\" srcset=\"https:\/\/aktionen-tarife.de\/1und1\/inhalte\/2015\/09\/1und1-telefonisch-bestellen.png 150w, https:\/\/aktionen-tarife.de\/1und1\/inhalte\/2015\/09\/1und1-telefonisch-bestellen-80x16.png 80w\" sizes=\"(max-width: 150px) 100vw, 150px\" \/><\/a><span class=\"desktop-tablet\">Ihren 1&amp;1 All-Net-Flat Plus <strong>Neukunden<\/strong>-Auftrag nehmen wir auch gerne telefonisch unter <strong><a href=\"tel:+4939434099911\" onclick=\"ga('send', 'event', 'hotline', 'hotline-content', 'hotline-content-ohne-zeit');\">0 39 43 \/ 40 999 11<\/a><\/strong> entgegen oder nutzen Sie alternativ unseren unverbindlichen <a title=\"Callback \/ R\u00fcckruf: telefonische Bestellung 1&amp;1 All-Net-Flat Plus\" href=\"https:\/\/aktionen-tarife.de\/1und1\/kontakt\/telefonische-beratung\">R\u00fcckruf-Service<\/a>. <\/span><span class=\"smartphone\">1&amp;1 Mobilfunk <strong>Neukunden<\/strong> k\u00f6nnen den 1&amp;1 All-Net-Flat Plus Tarif telefonisch unter <strong><a href=\"tel:+4939434099911\" onclick=\"ga('send', 'event', 'hotline', 'hotline-content', 'hotline-content-ohne-zeit');\">0 39 43 \/ 40 999 11<\/a><\/strong> bestellen (<a title=\"Callback \/ R\u00fcckruf: telefonische Bestellung 1&amp;1 All-Net-Flat Plus\" href=\"https:\/\/aktionen-tarife.de\/1und1\/kontakt\/telefonische-beratung\">R\u00fcckruf-Service hier<\/a>).<\/span><\/p>\n<p><img decoding=\"async\" class=\"alignright size-full wp-image-554\" src=\"https:\/\/aktionen-tarife.de\/1und1\/inhalte\/2015\/09\/1und1-bestellformular-pdf.png\" alt=\"1&amp;1 Bestellformular (PDF)\" width=\"150\" height=\"30\" srcset=\"https:\/\/aktionen-tarife.de\/1und1\/inhalte\/2015\/09\/1und1-bestellformular-pdf.png 150w, https:\/\/aktionen-tarife.de\/1und1\/inhalte\/2015\/09\/1und1-bestellformular-pdf-80x16.png 80w\" sizes=\"(max-width: 150px) 100vw, 150px\" \/><span class=\"desktop-tablet\">F\u00fcr 1&amp;1 Mobilfunk Neukunden: den Allnet Plus Tarif von 1&amp;1 (auch mit Smartphone) k\u00f6nnen Sie schriftlich mit unserem <strong>PDF Bestellformular<\/strong> beauftragen. Wie senden Ihnen auch gern ein Auftragsformular <a title=\"Bestellformulare \/ Flyer f\u00fcr 1&amp;1 Tarife per Post \/ eMail\" href=\"https:\/\/aktionen-tarife.de\/1und1\/kontakt\/unterlagen-zusenden\">per Post zu<\/a>. <\/span><span class=\"smartphone\">F\u00fcr 1&amp;1 Allnet Flat Neukunden: <strong>PDF Bestellformular<\/strong> herunterladen oder Unterlagen <strong><a title=\"Bestellformulare \/ Flyer f\u00fcr 1&amp;1 Tarife per Post \/ eMail\" href=\"https:\/\/aktionen-tarife.de\/1und1\/kontakt\/unterlagen-zusenden\">hier zusenden lassen<\/a><\/strong>.<\/span><\/p>\n<hr \/>\n<h2><span class=\"desktop-tablet\"><span class=\"farbig\">Netzabdeckung (E-Plus \/ Vodafone)<\/span> f\u00fcr 1&amp;1 All-Net-Flat Plus <\/span><span class=\"smartphone\"><span class=\"farbig\">Netzabdeckung (E-Plus \/ Vodafone)<\/span><\/span><\/h2>\n<p>Bei 1&amp;1 entscheidet der Kunde! Sie k\u00f6nnen den 1&amp;1 All-Net-Flat Plus Tarif wahlweise im <a href=\"https:\/\/tarife-aktionen.de\/vodafone\/netzabdeckung\" target=\"_blank\" rel=\"noopener\">Vodafone D2 Netz<\/a> buchen oder im <a href=\"https:\/\/o2.surfen-telefonieren.de\/o2-netzabdeckung\" target=\"_blank\" rel=\"noopener\">E-Netz (E-Plus)<\/a>. Dank des Zusammenschlusses von E-Plus und o2 \/ Telef\u00f3nica k\u00f6nnen Sie dabei sogar auf beide Netze zugreifen &#8211; ganz ohne Mehrkosten. Die 1&amp;1 All-Net-Flat Plus im <strong>E-Netz<\/strong> \u00fcberzeugt mit attraktiveren Aktionen \/ Preisvorteilen sowie der M\u00f6glichkeit zur Nutzung von <a href=\"https:\/\/aktionen-tarife.de\/1und1\/lte-4g\">LTE<\/a>. Die Allnetflat Plus im <strong>Vodafone D2 Netz<\/strong> (ohne Nutzung von <a title=\"Vodafone LTE\" href=\"https:\/\/tarife-aktionen.de\/vodafone\/lte\" target=\"_blank\" rel=\"noopener\">Vodafone LTE<\/a>) hingegen eignet sich u.a. f\u00fcr Kunden in l\u00e4ndlichen Regionen, weil das E-Plus Netz dort teilweise noch nicht so gut ausgebaut ist.<\/p>\n<hr \/>\n<h2><span class=\"desktop-tablet\"><span class=\"farbig\">Smartphones \/ Handys<\/span> g\u00fcnstig mit 1&amp;1 Allnetflat Plus Tarif <\/span><span class=\"smartphone\"><span class=\"farbig\">Smartphones<\/span> zur All-Net-Flat Plus<\/span><\/h2>\n<p>F\u00fcr nur 15 \u20ac monatlichem Aufpreis erhalten Sie den 1&amp;1 Allnetflat Plus Tarif auch mit einem aktuellem <a href=\"https:\/\/aktionen-tarife.de\/1und1\/smartphones\"><strong>Smartphone \/ Handy<\/strong><\/a> ab 0 \u20ac einmaliger Anzahlung. Selbst Top-Smartphones erhalten Sie ab 0 \u20ac oder gegen geringe Zuzahlung (noch g\u00fcnstiger werden die Top-Smartphones im Tarif <a title=\"1&amp;1 All-Net-Flat Pro \u2013 auf Wunsch mit Smartphone\" href=\"https:\/\/aktionen-tarife.de\/1und1\/all-net-flat-lte\/xl\">All-Net-Flat Pro<\/a>). Eine \u00dcbersicht aller Smartphones bei 1&amp;1 finden Sie <a title=\"Smartphones mit 1&amp;1 All-Net-Flat Tarifen\" href=\"https:\/\/aktionen-tarife.de\/1und1\/infos\/smartphones\"><strong>HIER<\/strong><\/a>.<\/p>\n<hr \/>\n<h2><span class=\"desktop-tablet\"><span class=\"farbig\">Extras und Optionen<\/span> f\u00fcr 1&amp;1 All-Net-Flat Plus Tarif <\/span><span class=\"smartphone\"><span class=\"farbig\">Optionen<\/span> 1&amp;1 All-Net-Flat Plus<\/span><\/h2>\n<ul>\n<li><strong>Daten-Optionen<\/strong> &#8211; wenn Sie ein h\u00f6heres Datenvolumen f\u00fcr Ihren Plus Tarif w\u00fcnschen:\n<ul>\n<li>Monatlich k\u00fcndbare Voreinstellung: 500 MB f\u00fcr 2,99 \u20ac \/ 2 GB f\u00fcr 9,99 \u20ac.<\/li>\n<li>Buchung Datenvolumen bei Bedarf: 500 MB f\u00fcr 4,99 \u20ac \/ 2 GB f\u00fcr 14,99 \u20ac.<\/li>\n<\/ul>\n<\/li>\n<li><strong>Norton Mobile Security<\/strong>: f\u00fcr nur 1,99 \u20ac monatlich k\u00f6nnen Sie Ihr Android Ger\u00e4t vor Viren, Trojanern sowie anderer sch\u00e4dlicher Software sch\u00fctzen.<\/li>\n<li><strong>Tablet- &amp; Notebook-Flat<\/strong>: f\u00fcr lediglich 6,99 \u20ac monatlich (erste 12 Monate je 3,99 \u20ac) erhalten Sie eine weitere SIM-Karte, mit welcher Sie unterwegs z.B. per Tablet oder Notebook das mobile Internet nutzen k\u00f6nnen (bis zu 21,6 MBit\/s und 1 GB Datenvolumen, danach Drosselung auf 64 kBit\/s). Zus\u00e4tzlich erhalten Sie 1 GB monatlich im EU-Ausland!<\/li>\n<\/ul>\n<hr \/>\n<h2><span class=\"desktop-tablet\"><span class=\"farbig\">Tarif\u00fcbersicht<\/span> 1&amp;1 Allnet Flat Tarife zum g\u00fcnstigen Preis <\/span><span class=\"smartphone\"><span class=\"farbig\">Tarif\u00fcbersicht<\/span> All-Net-Flats<\/span><\/h2>\n<ul>\r\n \t<li><a href=\"https:\/\/aktionen-tarife.de\/1und1\/all-net-flat-lte\"><strong>1&1 All-Net-Flat LTE<\/strong><\/a> - Smartphone Tarife im <a href=\"https:\/\/aktionen-tarife.de\/1und1\/netzabdeckung\/telefonica-o2-e-plus\">Telef\u00f3nica Netz<\/a> (inkl. <a href=\"https:\/\/aktionen-tarife.de\/1und1\/lte-4g\">LTE<\/a> Nutzung)\r\n<ul>\r\n \t<li><em><a href=\"https:\/\/aktionen-tarife.de\/1und1\/all-net-flat-lte\/s\">Tarif S<\/a> (3 GB) - <a href=\"https:\/\/aktionen-tarife.de\/1und1\/all-net-flat-lte\/m\">Tarif M<\/a> (5 GB) - <a href=\"https:\/\/aktionen-tarife.de\/1und1\/all-net-flat-lte\/l\">Tarif L<\/a> (10 GB) - <a href=\"https:\/\/aktionen-tarife.de\/1und1\/all-net-flat-lte\/xl\">Tarif XL<\/a> (15 GB) - <a href=\"https:\/\/aktionen-tarife.de\/1und1\/all-net-flat-lte\/young-plus\">Tarif Young Plus<\/a><\/em><\/li>\r\n<\/ul>\r\n<\/li>\r\n \t<li><a href=\"https:\/\/aktionen-tarife.de\/1und1\/d-netz-all-net-flat\"><strong>1&1 All-Net-Flat<\/strong><\/a> - Smartphone Tarife im D-Netz (<a href=\"https:\/\/aktionen-tarife.de\/1und1\/netzabdeckung\/d-netz-d2-vodafone\">Vodafone D2-Netz<\/a> ohne LTE)\r\n<ul>\r\n \t<li><em><a href=\"https:\/\/aktionen-tarife.de\/1und1\/d-netz-all-net-flat\/s\">Tarif S<\/a> (3 GB) - <a href=\"https:\/\/aktionen-tarife.de\/1und1\/d-netz-all-net-flat\/m\">Tarif M<\/a> (5 GB) - <a href=\"https:\/\/aktionen-tarife.de\/1und1\/d-netz-all-net-flat\/l\">Tarif L<\/a> (10 GB) - <a href=\"https:\/\/aktionen-tarife.de\/1und1\/d-netz-all-net-flat\/xl\">Tarif XL<\/a> (15 GB) - <a href=\"https:\/\/aktionen-tarife.de\/1und1\/d-netz-all-net-flat\/young-plus\">Tarif Young Plus<\/a><\/em><\/li>\r\n<\/ul>\r\n<\/li>\r\n<\/ul>\n<hr \/>\n<h2><span class=\"desktop-tablet\"><span class=\"farbig\">Bestellung <\/span>1&amp;1 Allnet Flat Plus Smartphone Tarif <\/span><span class=\"smartphone\"><span class=\"farbig\">Bestellung <\/span>1&amp;1 Allnet Flat Plus<\/span><\/h2>\n<p><a title=\"1&amp;1 Allnet Flat Tarife online bestellen\" href=\"https:\/\/aktionen-tarife.de\/1und1\/zum-anbieter\/handytarife\/1und1-handytarife-allgemein\" target=\"_blank\" rel=\"noopener\"><img decoding=\"async\" class=\"alignright size-full wp-image-552\" src=\"https:\/\/aktionen-tarife.de\/1und1\/inhalte\/2015\/09\/1und1-onlinebestellung.png\" alt=\"1&amp;1 Onlinebestellung\" width=\"150\" height=\"30\" srcset=\"https:\/\/aktionen-tarife.de\/1und1\/inhalte\/2015\/09\/1und1-onlinebestellung.png 150w, https:\/\/aktionen-tarife.de\/1und1\/inhalte\/2015\/09\/1und1-onlinebestellung-80x16.png 80w\" sizes=\"(max-width: 150px) 100vw, 150px\" \/><\/a>Den 1&amp;1 Smartphone-Tarif All-Net-Flat Plus, ein Smartphone sowie die weiteren Extras k\u00f6nnen Sie direkt im <a title=\"1&amp;1 Allnet Flat Plus online bestellen\" href=\"https:\/\/aktionen-tarife.de\/1und1\/zum-anbieter\/handytarife\/1und1-handytarife-allgemein\" target=\"_blank\" rel=\"noopener\"><strong>1&amp;1 Onlineshop<\/strong><\/a> beauftragen.<\/p>\n<hr \/>\n<p><span style=\"color: #999999;\">* Weitere Tarifdetails und Vertragsbedingungen finden Sie im <a title=\"1&amp;1 Onlineshop\" href=\"https:\/\/aktionen-tarife.de\/1und1\/zum-anbieter\/handytarife\/1und1-handytarife-allgemein\" target=\"_blank\" rel=\"noopener\">1&amp;1 Mobilfunk Onlineshop<\/a>.<\/span><\/p>\n","protected":false},"excerpt":{"rendered":"<p>Der Smartphone Tarif 1&amp;1 All-Net-Flat Plus beinhaltet eine Telefon- und eine SMS-Flatrate in alle deutschen Netze (Allnet) sowie eine mobile Internet-Flat (1,5 GB Highspeed-Volumen mit LTE Speed \/ zurzeit Aktion 6 GB mtl.). Die All-Net-Flat Plus kostet 29,99 \u20ac monatlich (neues Smartphone ab 15 \u20ac Aufpreis mtl.) und beinhaltet bereits eine EU-Flat. Den Tarif gibt &hellip; <a href=\"https:\/\/aktionen-tarife.de\/1und1\/archiv-smartphone-tarife\/all-net-flat-plus\" class=\"more-link\"><span class=\"screen-reader-text\">1&#038;1 All-Net-Flat Plus &#8211; auf Wunsch mit Top-Smartphone<\/span> weiterlesen <span class=\"meta-nav\">&rarr;<\/span><\/a><\/p>\n","protected":false},"author":30,"featured_media":0,"parent":6519,"menu_order":511400,"comment_status":"closed","ping_status":"closed","template":"","meta":{"footnotes":""},"class_list":["post-514","page","type-page","status-publish","hentry"],"_links":{"self":[{"href":"https:\/\/aktionen-tarife.de\/1und1\/wp-json\/wp\/v2\/pages\/514","targetHints":{"allow":["GET"]}}],"collection":[{"href":"https:\/\/aktionen-tarife.de\/1und1\/wp-json\/wp\/v2\/pages"}],"about":[{"href":"https:\/\/aktionen-tarife.de\/1und1\/wp-json\/wp\/v2\/types\/page"}],"author":[{"embeddable":true,"href":"https:\/\/aktionen-tarife.de\/1und1\/wp-json\/wp\/v2\/users\/30"}],"replies":[{"embeddable":true,"href":"https:\/\/aktionen-tarife.de\/1und1\/wp-json\/wp\/v2\/comments?post=514"}],"version-history":[{"count":3,"href":"https:\/\/aktionen-tarife.de\/1und1\/wp-json\/wp\/v2\/pages\/514\/revisions"}],"predecessor-version":[{"id":9263,"href":"https:\/\/aktionen-tarife.de\/1und1\/wp-json\/wp\/v2\/pages\/514\/revisions\/9263"}],"up":[{"embeddable":true,"href":"https:\/\/aktionen-tarife.de\/1und1\/wp-json\/wp\/v2\/pages\/6519"}],"wp:attachment":[{"href":"https:\/\/aktionen-tarife.de\/1und1\/wp-json\/wp\/v2\/media?parent=514"}],"curies":[{"name":"wp","href":"https:\/\/api.w.org\/{rel}","templated":true}]}}