{"id":2135,"date":"2017-03-02T00:01:54","date_gmt":"2017-03-01T23:01:54","guid":{"rendered":"https:\/\/aktionen-tarife.de\/1und1\/?page_id=2135"},"modified":"2025-09-08T00:13:53","modified_gmt":"2025-09-07T22:13:53","slug":"sicherheitspaket-symantec-norton-360-multi-device","status":"publish","type":"page","link":"https:\/\/aktionen-tarife.de\/1und1\/dsl-vdsl\/optionen\/sicherheitspaket-symantec-norton-360-multi-device","title":{"rendered":"1&#038;1 Sicherheitspaket &#8211; Symantec Norton 360 Multi-Device"},"content":{"rendered":"<p>Hinweis: diese Seite wird gerade \u00fcberarbeitet. Infos zum neuen 1&amp;1 Sicherheitspaket mit\u00a0Symantec Norton 360 Multi-Device finden Sie <a href=\"https:\/\/aktionen-tarife.de\/1und1\/zum-anbieter\/allgemein\/1und1-allgemein\" target=\"_blank\">hier<\/a>.<\/p>\n<p>++++++<\/p>\n<p>1&#215;1 DSL Sicherheitspaket Norton 360 Internet Security und weitere Extras \/ Optionen der 1&amp;1 DSL Tarife<\/p>\n<p>Bei 1&#215;1 DSL sind viele Extras, die bei anderen DSL Providern extra kosten oder gar nicht m\u00f6glich, bereits kostenfrei in den Surf &amp; Phone Paketen enthalten. Sie erhalten zum Beispiel eine eigene .de Domain mit eigener Homepage im Internet (f\u00fcr Ihre Familie oder Firma) und k\u00f6nnen bis zu 50 eMail kostenfreie Postf\u00e4cher einrichten (in der Form vorname@nachname.de &#8211; wenn die gew\u00fcnschte Domain noch frei ist, ansonsten mit einer alternativen Wunschdomain). Die eMail Postf\u00e4cher sind bei Nutzung von 1&amp;1 Mail gratis gegen Spam und Viren gesch\u00fctzt.<\/p>\n<p>Zus\u00e4tzlich steht 1&amp;1 DSL Surf &amp; Phone Kunden das MediaCenter mit bis zu 10 GB Speicherplatz zur Verf\u00fcgung. Damit haben Sie weltweit Zugriff auf Ihre Daten wie Fotos, Musik oder pers\u00f6nliche Dokumente. Auf Wunsch k\u00f6nnen andere Familienmitglieder auch darauf zugreifen.<\/p>\n<p>Direkt zum 1&amp;1 Onlineshop mit Onlinebestellung Zum 1&amp;1.de Online Shop (Onlinebestellung &amp; Tarifinformationen)<\/p>\n<p>Sicherheitspaket und weitere Extras von 1&#215;1<\/p>\n<p>1&#215;1 DSL Sicherheitspaket Norton 360 Internet Security jetzt 6 Monate kostenlos testen &#8211; Schutz f\u00fcr bis zu 3 PCs<\/p>\n<p>Besonders beliebt zusammen mit den 1&#215;1 DSL Tarifen ist auch das Norton 360 Sicherheitspaket. Dieses Komplettpaket zum Schutz vor Viren, W\u00fcrmern und Hackern im Internet erhalten Sie im Rahmen Ihrer 1&amp;1 DSL Bestellung jetzt f\u00fcr 6 Monate gratis. Nach Ablauf des Testzeitraums kostet das 1&#215;1 Sicherheitspaket monatlich 4,99 \u20ac und bietet damit bezahlbaren Schutz vor den Gefahren aus dem Internet. Norton 360 Internet Security von Symantec bietet Ihnen f\u00fcr diesen Preis sogar Rundumschutz f\u00fcr bis zu 3 PC und ist damit zum Beispiel ideal f\u00fcr Familien oder kleinere Firmenkunden. Statt sich bisher jedes Jahr pro Computer um eine neue Software f\u00fcr ca. 40-80 \u20ac im Fachhandel kaufen zu m\u00fcssen, erhalten Sie mit dem 1&#215;1 DSL Sicherheitspaket ein g\u00fcnstiges Abo f\u00fcr 3 Computer und immer aktuellsten Versionen der Antiviren, Antispam, Firewall und sonstigen Sicherheitssoftware.<\/p>\n<p>Symantec Norton 360 Internet Security bietet umfassenden Schutz und ist immer auf dem aktuellsten Stand<\/p>\n<p>Die Norton 360 Internet Security Software vom Weltmarktf\u00fchrer f\u00fcr Sicherheitssoftware Symantec in Kombination mit 1&#215;1 DSL vereinigt Technologien f\u00fcr Sicherheit (Schutz vor Viren, Hackern, \u00dcbergriffen auf wichtige Daten, Phishing, Spyware und mehr) sowie die Optimierung Ihrer Computersysteme inklusive PC Tuning und Backup L\u00f6sungen. Andere Sicherheitsoftware wird damit im Prinzip \u00fcberfl\u00fcssig. Durch t\u00e4gliche Updates der Software und der Virendefinitionen, dank 1&#215;1 DSL Internetzugang besonders schnell und komfortabel, ist die Symantec Norton 360 Software jederzeit auf dem neuesten Stand. Folgende 7 Programmbestandteile enth\u00e4lt das 1&#215;1 Sicherheitspaket Norton 360 Internet Security:<\/p>\n<p>Norton AntiVirus\u2122: Die Software bietet umfassenden Schutz vor Viren und W\u00fcrmern aus dem Internet sowie vor Spyware und anderen Spionageprogrammen. Abwehr von gef\u00e4hrlichen Anh\u00e4ngen von eMails sowie Dateien aus Instant Messagern inklusive Reparatur von Daten und Isolation von Viren und W\u00fcrmern.<\/p>\n<p>Norton Parental Control\u2122: Sch\u00fctzen Sie Ihre Kinder vor Internetseiten, die nicht f\u00fcr bestimmte Altersklassen geeignet sind. Dabei k\u00f6nnen Sie selbst die Kriterien definieren.<\/p>\n<p>Norton Personal Firewall\u2122: Ihr PC wird mit diesem Tool f\u00fcr Hacker &#8220;unsichtbar&#8221; und blockiert automatisch verd\u00e4chtigen Datenverkehr auf Ihrem PC oder Laptop. Bei Anmeldung in einem &#8220;fremden&#8221; Netzwerk werden zudem automatisch die Sicherheitseinstellungen angepasst. Die Firewall schaltet sich zudem bei vor\u00fcbergehender Deaktivierung automatisch wieder an, so dass Sie dies nicht aus Unachtsamkeit vergessen k\u00f6nnen.<\/p>\n<p>Norton Privacy Control\u2122: Dieser Programmbestandteil sorgt daf\u00fcr, dass vertrauliche und pers\u00f6nliche Daten nur an vertrauensw\u00fcrdige Webseiten \/ Internetseiten \u00fcbermittelt werden. Unbefugte haben so keinen Zugriff mehr auf Ihren Daten, weder per eMail noch per Instant Messages, Internetformulare oder Officeanh\u00e4ngen.<\/p>\n<p>Norton AntiSpam\u2122: Filtern Sie ankommende eMails beim Abruf \u00fcber Outlook oder andere eMail Software per POP3 Protokoll nach unerw\u00fcnschten Werbe-eMails und andere anst\u00f6\u00dfige und betr\u00fcgerische Inhalte (Spam). Norton AntiSpam\u2122 wird dabei in Ihre vorhandene eMail Software (Outlook, Outlook Express und Eurora) integriert. Zus\u00e4tzlich werden auch Werbefenster und Popups auf Internetseiten zuverl\u00e4ssig blockiert.<\/p>\n<p>Norton AntiSpyware\u2122: Das Symantec Tool erkennt und entfernt automatisch gef\u00e4hrliche Spionagesoftware, verhindert die Umleitung von Internetadressen, das Mitschneiden von Tastatureingaben sowie blockiert Werbesoftware (Adware).<\/p>\n<p>Norton AntiPhishing\u2122: Diese Software von Symantec erkennt und warnt von Phishing Internetseiten und bietet somit Sicherheit vor Eingabe vertraulicher Daten auf unseri\u00f6sen Seiten. Durch den Echtzeitschutz ist das Tool immer aktuell.<\/p>\n<p>*In den ersten 6 Monaten ist das 1&#215;1 DSL Sicherheitspaket &#8220;Norton 360 Internet Security&#8221; kostenfrei, damit Sie das Paket kostenlos testen k\u00f6nnen. Innerhalb der Testphase k\u00f6nnen Sie das 1&#215;1 Sicherheitspaket jederzeit ohne Angabe von Gr\u00fcnden unter https:\/\/control-center.1und1.de\/ wieder k\u00fcndigen. Nach Ablauf der Testphase kostet das Paket 4,99 \u20ac je Monat, die Laufzeit entspricht der des gew\u00e4hlten 1&#215;1 DSL Tarifs. Daf\u00fcr erhalten Sie immer die aktuellste Version der Symantec Norton 360 Internet Security inklusive aller Updates und sind so stets gesch\u00fctzt.<\/p>\n","protected":false},"excerpt":{"rendered":"<p>Hinweis: diese Seite wird gerade \u00fcberarbeitet. Infos zum neuen 1&amp;1 Sicherheitspaket mit\u00a0Symantec Norton 360 Multi-Device finden Sie hier. ++++++ 1&#215;1 DSL Sicherheitspaket Norton 360 Internet Security und weitere Extras \/ Optionen der 1&amp;1 DSL Tarife Bei 1&#215;1 DSL sind viele Extras, die bei anderen DSL Providern extra kosten oder gar nicht m\u00f6glich, bereits kostenfrei in &hellip; <a href=\"https:\/\/aktionen-tarife.de\/1und1\/dsl-vdsl\/optionen\/sicherheitspaket-symantec-norton-360-multi-device\" class=\"more-link\"><span class=\"screen-reader-text\">1&#038;1 Sicherheitspaket &#8211; Symantec Norton 360 Multi-Device<\/span> weiterlesen <span class=\"meta-nav\">&rarr;<\/span><\/a><\/p>\n","protected":false},"author":31,"featured_media":0,"parent":1941,"menu_order":0,"comment_status":"closed","ping_status":"closed","template":"","meta":{"footnotes":""},"class_list":["post-2135","page","type-page","status-publish","hentry"],"_links":{"self":[{"href":"https:\/\/aktionen-tarife.de\/1und1\/wp-json\/wp\/v2\/pages\/2135","targetHints":{"allow":["GET"]}}],"collection":[{"href":"https:\/\/aktionen-tarife.de\/1und1\/wp-json\/wp\/v2\/pages"}],"about":[{"href":"https:\/\/aktionen-tarife.de\/1und1\/wp-json\/wp\/v2\/types\/page"}],"author":[{"embeddable":true,"href":"https:\/\/aktionen-tarife.de\/1und1\/wp-json\/wp\/v2\/users\/31"}],"replies":[{"embeddable":true,"href":"https:\/\/aktionen-tarife.de\/1und1\/wp-json\/wp\/v2\/comments?post=2135"}],"version-history":[{"count":1,"href":"https:\/\/aktionen-tarife.de\/1und1\/wp-json\/wp\/v2\/pages\/2135\/revisions"}],"predecessor-version":[{"id":9987,"href":"https:\/\/aktionen-tarife.de\/1und1\/wp-json\/wp\/v2\/pages\/2135\/revisions\/9987"}],"up":[{"embeddable":true,"href":"https:\/\/aktionen-tarife.de\/1und1\/wp-json\/wp\/v2\/pages\/1941"}],"wp:attachment":[{"href":"https:\/\/aktionen-tarife.de\/1und1\/wp-json\/wp\/v2\/media?parent=2135"}],"curies":[{"name":"wp","href":"https:\/\/api.w.org\/{rel}","templated":true}]}}