{"id":1300,"date":"2017-07-02T00:01:13","date_gmt":"2017-07-01T22:01:13","guid":{"rendered":"https:\/\/aktionen-tarife.de\/1und1\/?page_id=1300"},"modified":"2022-12-22T19:34:13","modified_gmt":"2022-12-22T18:34:13","slug":"50-mbit","status":"publish","type":"page","link":"https:\/\/aktionen-tarife.de\/1und1\/vdsl\/50-mbit","title":{"rendered":"1&#038;1 DSL 50 \u2013 g\u00fcnstige VDSL Internetflat und Telefonflat"},"content":{"rendered":"<p><a href=\"https:\/\/aktionen-tarife.de\/1und1\/zum-anbieter\/festnetz\/1und1-festnetz-allgemein\" target=\"_blank\" rel=\"noopener\"><img decoding=\"async\" class=\"alignright size-full wp-image-552\" src=\"https:\/\/aktionen-tarife.de\/1und1\/inhalte\/2015\/09\/1und1-onlinebestellung.png\" alt=\"1&amp;1 Onlinebestellung\" width=\"150\" height=\"30\" srcset=\"https:\/\/aktionen-tarife.de\/1und1\/inhalte\/2015\/09\/1und1-onlinebestellung.png 150w, https:\/\/aktionen-tarife.de\/1und1\/inhalte\/2015\/09\/1und1-onlinebestellung-80x16.png 80w\" sizes=\"(max-width: 150px) 100vw, 150px\" \/><\/a>Mit dem <span class=\"farbig\">1&amp;1 DSL 50<\/span> Tarif erhalten Sie f\u00fcr nur <span class=\"farbig\">31,99 \u20ac je Monat<\/span> (viele Preisvorteile f\u00fcr Neukunden s.u.) einen schnellen <strong><a href=\"https:\/\/aktionen-tarife.de\/1und1\/vdsl\">VDSL<\/a><\/strong> Anschluss (<strong><a href=\"https:\/\/aktionen-tarife.de\/1und1\/vdsl\/verfuegbarkeit\">Verf\u00fcgbarkeit hier<\/a><\/strong>) mit Flatrate zum Surfen ohne Drosselung sowie einen Telefonanschluss mit Flatrate zum Telefonieren in das deutsche Festnetz und ISDN-Komfort (bis zu 5 Rufnummern). Ein <a href=\"https:\/\/telekom.tarife-angebote.de\/festnetz\" target=\"_blank\" rel=\"noopener\">Telekomanschluss<\/a> ist nicht mehr n\u00f6tig. Optional ist eine <a href=\"https:\/\/aktionen-tarife.de\/1und1\/dsl-vdsl\/optionen\/handy-flat-internet-smartphone\">Handy- &amp; Internet Flat<\/a> ohne Aufpreis f\u00fcr Ihr Smartphone mit dabei. <a href=\"https:\/\/aktionen-tarife.de\/1und1\/fernsehen\/entertain-iptv\">Digitales Fernsehen<\/a> (IPTV powered by <a href=\"https:\/\/telekom.tarife-angebote.de\/magenta-zuhause\/entertain\" target=\"_blank\" rel=\"noopener\">Telekom Entertain<\/a>) ist beim 1&amp;1 DSL 50 Tarif (VDSL) erh\u00e4ltlich. Noch schneller surfen: <a href=\"https:\/\/aktionen-tarife.de\/1und1\/vdsl\/100-mbit\">1&amp;1 DSL 100<\/a>.<\/p>\n<hr \/>\n<h2><span class=\"farbig\">Angebote<\/span> f\u00fcr den 1&amp;1 DSL 50 Tarif (VDSL) im <span style=\"color: #ff0000;\">April 2026<\/span><\/h2>\n<p>Wenn Sie den 1&amp;1 DSL 50 Anschluss bis 30.04.2026 beauftragen, sparen Sie:<\/p>\n<ul>\n<li>In den <a href=\"https:\/\/aktionen-tarife.de\/1und1\/angebote\/1und1-dsl-vdsl-tarife-12-monate-je-15-euro-guenstiger-180-euro-sparen\"><strong>ersten 12 Monaten<\/strong><\/a> zahlen 1&amp;1 Breitband Neukunden <strong>nur 16,99 \u20ac*<\/strong> (<span class=\"farbig\">180 \u20ac sparen<\/span>). Danach zahlen Sie dauerhaft nur 29,99\u00a0 \u20ac statt regul\u00e4r 31,99 \u20ac.<\/li>\n<li>Von anderem Anbieter zu 1&amp;1 wechseln und <span class=\"farbig\">100 \u20ac Wechsel-Bonus<\/span> erhalten &#8211; bei Abschluss eines 1&amp;1 DSL Vertrags mit Mindestvertragslaufzeit!<\/li>\n<li><strong>Zahlreiche Extras<\/strong> ohne Aufpreis beim 1&amp;1 VDSL 50 Tarif enthalten, zum Beispiel <a href=\"https:\/\/aktionen-tarife.de\/1und1\/dsl-vdsl\/optionen\/handy-flat-internet-smartphone\">Handy &amp; Internet Flat<\/a> (SIM Karte f\u00fcr Ihr Handy \/ Smartphone) und ISDN-Komfort.<\/li>\n<li><strong><a href=\"https:\/\/aktionen-tarife.de\/1und1\/aktuelles\/fritzbox-avm\">Fritz!Box<\/a><\/strong> vom deutschen Markenhersteller AVM (siehe unten) kosteng\u00fcnstig mitbestellen. In Verbindung mit 1&amp;1 <a href=\"https:\/\/aktionen-tarife.de\/1und1\/aktuelles\/homeserver\">HomeServer<\/a> bei Neuanschluss auch mit <a href=\"https:\/\/aktionen-tarife.de\/1und1\/dsl-vdsl\/optionen\/sofort-start\">Sofort-Start<\/a> ohne Aufpreis.<\/li>\n<li><strong>Zufriedenheitsgarantie<\/strong> (1 Monat ohne Risiko testen), Qualit\u00e4tsgarantie, EasyStart Garantie, Leistungs-Garantie, Entst\u00f6rungs-Garantie, Lieferzeit-Garantie und mehr.<\/li>\n<li>1&amp;1 DSL 50 Tarif auf Wunsch <strong>auch ohne Mindestvertragslaufzeit<\/strong> (aber weniger Verg\u00fcnstigungen und keine Extras wie Handy-Flat, Fernsehen usw. erh\u00e4ltlich).<\/li>\n<\/ul>\n<hr \/>\n<h2><span class=\"farbig\">Verf\u00fcgbarkeit<\/span> 1&amp;1 VDSL 50 Anschluss (Netzausbau Breitband)<\/h2>\n<p><a href=\"https:\/\/aktionen-tarife.de\/1und1\/zum-anbieter\/festnetz\/1und1-festnetz-check\" target=\"_blank\" rel=\"noopener\"><img decoding=\"async\" class=\"alignright size-full wp-image-1676\" src=\"https:\/\/aktionen-tarife.de\/1und1\/inhalte\/2015\/12\/1und1-breitband-internet-dsl-vdsl-verfuegbarkeit-pruefen.png\" alt=\"1&amp;1 Breitband Internet (DSL \/ VDSL) Verf\u00fcgbarkeit pr\u00fcfen\" width=\"150\" height=\"30\" srcset=\"https:\/\/aktionen-tarife.de\/1und1\/inhalte\/2015\/12\/1und1-breitband-internet-dsl-vdsl-verfuegbarkeit-pruefen.png 150w, https:\/\/aktionen-tarife.de\/1und1\/inhalte\/2015\/12\/1und1-breitband-internet-dsl-vdsl-verfuegbarkeit-pruefen-80x16.png 80w\" sizes=\"(max-width: 150px) 100vw, 150px\" \/><\/a>1&amp;1 VDSL 50 ist schon in vielen Regionen in Deutschland ausgebaut. Ob der schnelle 1&amp;1 DSL 50 Tarif (VDSL 50 Anschluss) bei Ihnen <a href=\"https:\/\/aktionen-tarife.de\/1und1\/vdsl\/verfuegbarkeit\">verf\u00fcgbar<\/a> ist, k\u00f6nnen Sie unverbindlich <strong><a href=\"https:\/\/aktionen-tarife.de\/1und1\/zum-anbieter\/festnetz\/1und1-festnetz-check\" target=\"_blank\" rel=\"noopener\">online pr\u00fcfen<\/a><\/strong>.<\/p>\n<hr \/>\n<h2><span class=\"farbig\">Tarifdetails<\/span> 1&amp;1 VDSL 50 mit Internetflat und Telefonflat<\/h2>\n<ul>\n<li>Schneller <strong>1&amp;1 VDSL Internet-Anschluss<\/strong> (Download bis 50 MBit\/s und Upload bis 10 MBit\/s) inklusive <strong>Internetflat ohne Drosselung<\/strong>. <strong><a href=\"https:\/\/aktionen-tarife.de\/1und1\/vdsl\/50-mbit#internet\">Internet-Optionen<\/a><\/strong> erh\u00e4ltlich.\n<ul>\n<li>Falls verf\u00fcgbar zum kleinen Mehrpreis auch bis 100 und 40 MBit\/s mit <a href=\"https:\/\/aktionen-tarife.de\/1und1\/vdsl\/100-mbit\">1&amp;1 DSL 100<\/a>.<\/li>\n<\/ul>\n<\/li>\n<li>1&amp;1 <strong>Telefonanschluss mit Telefonflat<\/strong> in das komplette\u00a0 deutsche Festnetz. <strong>ISDN Komfort<\/strong> ohne Mehrpreis enthalten (z.B. 5 Rufnummern, gleichzeitig telefonieren uvm.). Anrufe\u00a0 in deutsche Handynetze 19,9 Cent je Minute. Auf Wunsch zahlreiche <strong><a href=\"https:\/\/aktionen-tarife.de\/1und1\/vdsl\/50-mbit#telefonie\">Telefonie-Optionen<\/a><\/strong>.<\/li>\n<li>Optional kostenfrei 1 SIM-Karte mit <strong><a href=\"https:\/\/aktionen-tarife.de\/1und1\/dsl-vdsl\/optionen\/handy-flat-internet-smartphone\">Handy- &amp; Internetflat<\/a><\/strong>: per Smartphone gratis in das deutsche Festnetz sowie zu anderen 1&amp;1 Handy-Kunden anrufen. Mobiles Internet (100 MB bis zu 7,2 MBit\/s, danach Drosselung auf 64 kBit\/s). Bis zu 3 extra SIM Karten f\u00fcr Ihre Familie\u00a0 f\u00fcr je nur 2,99 \u20ac m\u00f6glich. Alternativ f\u00fcr 6,99 \u20ac je Monat\u00a0 mit 1.000 MB\u00a0\u00a0 und bis 14,4 MBit\/s.<\/li>\n<li><strong><a href=\"https:\/\/aktionen-tarife.de\/1und1\/vdsl\/50-mbit#fernsehen\">Digitales Fernsehen<\/a><\/strong> (<strong>IPTV<\/strong>) optional erh\u00e4ltlich (ab 5 \u20ac + 4,99 \u20ac TV-Empf\u00e4nger).<\/li>\n<li>Entertainment: Online-Videothek maxdome zum Vorzugspreis erh\u00e4ltlich.<\/li>\n<li>100 GB Online-Speicher f\u00fcr Ihre Daten. Zusammen mit IPTV sogar 150 GB.<\/li>\n<\/ul>\n<hr \/>\n<h2><span class=\"farbig\">Bestellung <\/span>1&amp;1 DSL 50 Tarif mit VDSL Anschluss<\/h2>\n<p><a href=\"https:\/\/aktionen-tarife.de\/1und1\/zum-anbieter\/festnetz\/1und1-festnetz-allgemein\" target=\"_blank\" rel=\"noopener\"><img decoding=\"async\" class=\"alignright size-full wp-image-552\" src=\"https:\/\/aktionen-tarife.de\/1und1\/inhalte\/2015\/09\/1und1-onlinebestellung.png\" alt=\"1&amp;1 Onlinebestellung\" width=\"150\" height=\"30\" srcset=\"https:\/\/aktionen-tarife.de\/1und1\/inhalte\/2015\/09\/1und1-onlinebestellung.png 150w, https:\/\/aktionen-tarife.de\/1und1\/inhalte\/2015\/09\/1und1-onlinebestellung-80x16.png 80w\" sizes=\"(max-width: 150px) 100vw, 150px\" \/><\/a><span class=\"desktop-tablet\">1&amp;1 Festnetz Neukunden k\u00f6nnen den 1&amp;1 DSL 50 Tarif (VDSL) am besten <a href=\"https:\/\/aktionen-tarife.de\/1und1\/zum-anbieter\/festnetz\/1und1-festnetz-allgemein\" target=\"_blank\" rel=\"noopener\"><strong>online bestellen<\/strong><\/a>. F\u00fcr die \u00c4nderung eines bestehenden 1&amp;1 DSL \/ VDSL Anschlusses wenden Sie sich bitte an den <a href=\"https:\/\/aktionen-tarife.de\/1und1\/kontakt\/kundenservice\">Kundenservice<\/a>. <\/span><span class=\"smartphone\">1&amp;1 DSL 50 Tarif (VDSL) direkt im <strong><a href=\"https:\/\/aktionen-tarife.de\/1und1\/zum-anbieter\/festnetz\/1und1-festnetz-allgemein\" target=\"_blank\" rel=\"noopener\">1&amp;1 Onlineshop<\/a><\/strong> bestellen.<\/span><\/p>\n<p><a href=\"https:\/\/aktionen-tarife.de\/1und1\/kontakt\/telefonische-beratung\"><img decoding=\"async\" class=\"alignright size-full wp-image-553\" src=\"https:\/\/aktionen-tarife.de\/1und1\/inhalte\/2015\/09\/1und1-telefonisch-bestellen.png\" alt=\"1&amp;1 telefonisch bestellen\" width=\"150\" height=\"30\" srcset=\"https:\/\/aktionen-tarife.de\/1und1\/inhalte\/2015\/09\/1und1-telefonisch-bestellen.png 150w, https:\/\/aktionen-tarife.de\/1und1\/inhalte\/2015\/09\/1und1-telefonisch-bestellen-80x16.png 80w\" sizes=\"(max-width: 150px) 100vw, 150px\" \/><\/a><span class=\"desktop-tablet\">Gerne nehmen wir den 1&amp;1 VDSL 50 Auftrag von <strong>Neukunden<\/strong> auch telefonisch unter <strong><a href=\"tel:+4939434099911\" onclick=\"ga('send', 'event', 'hotline', 'hotline-content', 'hotline-content-ohne-zeit');\">0 39 43 \/ 40 999 11<\/a><\/strong> entgegen oder nutzen Sie unseren unverbindlichen <a href=\"https:\/\/aktionen-tarife.de\/1und1\/kontakt\/telefonische-beratung\">R\u00fcckruf-Service<\/a>. <\/span><span class=\"smartphone\">1&amp;1 Breitband <strong>Neukunden<\/strong> k\u00f6nnen den VDSL 50 Anschluss unter <strong><a href=\"tel:+4939434099911\" onclick=\"ga('send', 'event', 'hotline', 'hotline-content', 'hotline-content-ohne-zeit');\">0 39 43 \/ 40 999 11<\/a><\/strong> telefonisch bestellen (<a href=\"https:\/\/aktionen-tarife.de\/1und1\/kontakt\/telefonische-beratung\">R\u00fcckruf-Service hier<\/a>).<\/span><\/p>\n<p><img decoding=\"async\" class=\"alignright size-full wp-image-554\" src=\"https:\/\/aktionen-tarife.de\/1und1\/inhalte\/2015\/09\/1und1-bestellformular-pdf.png\" alt=\"1&amp;1 Bestellformular (PDF)\" width=\"150\" height=\"30\" srcset=\"https:\/\/aktionen-tarife.de\/1und1\/inhalte\/2015\/09\/1und1-bestellformular-pdf.png 150w, https:\/\/aktionen-tarife.de\/1und1\/inhalte\/2015\/09\/1und1-bestellformular-pdf-80x16.png 80w\" sizes=\"(max-width: 150px) 100vw, 150px\" \/><span class=\"desktop-tablet\">F\u00fcr 1&amp;1 Breitband Neukunden: den 1&amp;1 DSL 50 Anschluss k\u00f6nnen Sie schriftlich mit unserem <strong>PDF Bestellformular<\/strong> bestellen. Gerne senden wir Ihnen auch Flyer und ein Auftragsformular <a href=\"https:\/\/aktionen-tarife.de\/1und1\/kontakt\/unterlagen-zusenden\">per Post zu<\/a>. <\/span><span class=\"smartphone\">F\u00fcr 1&amp;1 Festnetz Neukunden: 1&amp;1 DSL 50 Anschluss per <strong>PDF Bestellformular<\/strong> beauftragen oder Unterlagen <strong><a href=\"https:\/\/aktionen-tarife.de\/1und1\/kontakt\/unterlagen-zusenden\">zusenden lassen<\/a><\/strong>.<\/span><\/p>\n<hr \/>\n<h2><span class=\"farbig\">WLAN Router \/ 1&amp;1 HomeServer<\/span> f\u00fcr den 1&amp;1 DSL 50 Tarif<\/h2>\n<p><img decoding=\"async\" class=\"alignright size-medium wp-image-1332\" src=\"https:\/\/aktionen-tarife.de\/1und1\/inhalte\/2015\/11\/homeserver-plus-avm-7490-wlan-router-dsl-vdsl-150x100.jpg\" alt=\"1&amp;1 HomeServer+ - AVM 7490 (WLAN Router f\u00fcr DSL \/ VDSL)\" width=\"150\" height=\"100\" srcset=\"https:\/\/aktionen-tarife.de\/1und1\/inhalte\/2015\/11\/homeserver-plus-avm-7490-wlan-router-dsl-vdsl-150x100.jpg 150w, https:\/\/aktionen-tarife.de\/1und1\/inhalte\/2015\/11\/homeserver-plus-avm-7490-wlan-router-dsl-vdsl.jpg 300w, https:\/\/aktionen-tarife.de\/1und1\/inhalte\/2015\/11\/homeserver-plus-avm-7490-wlan-router-dsl-vdsl-80x53.jpg 80w, https:\/\/aktionen-tarife.de\/1und1\/inhalte\/2015\/11\/homeserver-plus-avm-7490-wlan-router-dsl-vdsl-210x140.jpg 210w\" sizes=\"(max-width: 150px) 100vw, 150px\" \/>Um den 1&amp;1 <a href=\"https:\/\/aktionen-tarife.de\/1und1\/vdsl\/verfuegbarkeit\">VDSL Anschluss<\/a> im Tarif 1&amp;1 DSL 50 bestens zu nutzen, ben\u00f6tigen Sie einen passenden\u00a0 WLAN Router \/ Modem (am besten den <a href=\"https:\/\/aktionen-tarife.de\/1und1\/aktuelles\/homeserver\">1&amp;1 HomeServer<\/a>). Die Hardware erhalten Sie zum g\u00fcnstigen Monatspreis (\u00e4hnlich wie bei der Telekom). 1&amp;1 bietet leistungsstarke Ger\u00e4te vom deutschen Markenhersteller AVM (<strong><a href=\"https:\/\/aktionen-tarife.de\/1und1\/aktuelles\/fritzbox-avm\">Fritz!Box<\/a><\/strong>).<\/p>\n<ul>\n<li><a href=\"https:\/\/aktionen-tarife.de\/1und1\/zuhause\/wlan-modem-avm-fritzbox-7412-dsl-vdsl\"><strong>1&amp;1 WLAN-Modem<\/strong> (AVM 7412)<\/a>\u00a0 (2,99 \u20ac je Monat): 1 Gigabit LAN Port. WLAN n-Standard bis 300 MBit\/s. Anschluss f\u00fcr ein analoges Telefon am 1&amp;1 DSL 50 Anschluss.<\/li>\n<li><a href=\"https:\/\/aktionen-tarife.de\/1und1\/zuhause\/homeserver-speed-avm-fritzbox-7560-wlan-router-dsl-vdsl\"><strong>1&amp;1 HomeServer Speed<\/strong> \/ AVM FritzBox 7560<\/a> (4,99 \u20ac je Monat): Highspeed WLAN und 4x Gigabit LAN. Integrierte DECT-Basisstation + f\u00fcr 1 Analogtelefon. F\u00fcr 1&amp;1 DSL 50.<\/li>\n<li><a href=\"https:\/\/aktionen-tarife.de\/1und1\/zuhause\/businessserver-avm-fritzbox-7580-wlan-router-dsl-vdsl\"><strong>1&amp;1 BusinessServer<\/strong> \/ AVM FritzBox 7580<\/a> (6,99 \u20ac je Monat \/ <span class=\"rot\">Empfehlung<\/span>): Nachfolger der <a href=\"https:\/\/aktionen-tarife.de\/1und1\/archiv-geraete\/homeserver-plus-avm-fritzbox-7490-wlan-router-dsl-vdsl\">AVM FritzBox 7490<\/a>. Mehr Leistung =\u00a0 4 Gigabit LAN Schnittstellen und neueste WLAN Technik mit Multi-User MIMO (mehr WLAN Reichweite und Geschwindigkeit). Telefonanlage f\u00fcr 2 analoge Endger\u00e4te +\u00a0 integrierte DECT-Basis +\u00a0 S0 f\u00fcr ISDN-Ger\u00e4te.<\/li>\n<li><a href=\"https:\/\/aktionen-tarife.de\/1und1\/zuhause\/kabel-modem\">1&amp;1 Kabel-Modem<\/a> (0 \u20ac\/Monat): KEIN WLAN. 1 LAN Anschluss. F\u00fcr 1 Analog-Telefon. <a id=\"internet\"><\/a><\/li>\n<\/ul>\n<hr \/>\n<h2><span class=\"farbig\">Internet-Optionen<\/span> f\u00fcr den 1&amp;1 DSL 50 Tarif<\/h2>\n<ul>\n<li><strong><a href=\"https:\/\/aktionen-tarife.de\/1und1\/dsl-vdsl\/optionen\/sicherheitspaket-symantec-norton-360-multi-device\">1&amp;1 Sicherheitspaket<\/a> (4,99 \u20ac je Monat):<\/strong> Norton 360 Multi-Device. Sch\u00fctzt bis zu 4 Ger\u00e4te (z.B. PC, Laptop, Tablet, Smartphone) vor Viren, Hackern und anderen Internetgefahren.<\/li>\n<li>F\u00fcr 1&amp;1 HomeServer auf Wunsch g\u00fcnstiges <strong>AVM Zubeh\u00f6r<\/strong>, z.B. AVM WLAN Stick, WLAN-Verst\u00e4rker (Repeater), Fritz Powerline, SmartEnergie-Steckdose und mehr. <a id=\"fernsehen\"><\/a><\/li>\n<\/ul>\n<hr \/>\n<h2><span class=\"farbig\">Fernsehen und Entertainment<\/span>\u00a0 mit 1&amp;1 VDSL 50 Anschluss<\/h2>\n<ul>\n<li><img decoding=\"async\" class=\"alignright size-medium wp-image-1734\" src=\"https:\/\/aktionen-tarife.de\/1und1\/inhalte\/2015\/12\/fernsehen-mit-1und1-150x100.jpg\" alt=\"Fernsehen mit 1&amp;1 DSL \/ VDSL\" width=\"150\" height=\"100\" srcset=\"https:\/\/aktionen-tarife.de\/1und1\/inhalte\/2015\/12\/fernsehen-mit-1und1.jpg 150w, https:\/\/aktionen-tarife.de\/1und1\/inhalte\/2015\/12\/fernsehen-mit-1und1-80x53.jpg 80w\" sizes=\"(max-width: 150px) 100vw, 150px\" \/>Exklusiv optional mit <strong><a href=\"https:\/\/aktionen-tarife.de\/1und1\/vdsl\">1&amp;1 VDSL<\/a><\/strong> (nicht mit DSL) Anschl\u00fcssen: digitales Fernsehen (IPTV). Kabelfernsehen ist nicht mehr n\u00f6tig.\n<ul>\n<li>IPTV powered by Telekom Entertain) f\u00fcr <strong>5 \u20ac je Monat<\/strong>. \u00dcber 100 private und \u00f6ffentliche Sender, viele auch in HD.<\/li>\n<li>Notwendig ist\u00a0 der 1&amp;1 TV-Empf\u00e4nger\u00a0 f\u00fcr <strong>4,99 \u20ac monatlich<\/strong>. Der Festplattenrekorder MR303 hat eine gro\u00dfe Festplatte (500 GB).<\/li>\n<li>Optional Sky, HD-Option, Genre-Pakete und vieles mehr.<\/li>\n<li><strong><a href=\"https:\/\/aktionen-tarife.de\/1und1\/fernsehen\/entertain-iptv\">Mehr Details Fernsehen mit 1&amp;1 VDSL hier<\/a><\/strong> <a id=\"telefonie\"><\/a><\/li>\n<\/ul>\n<\/li>\n<\/ul>\n<hr \/>\n<h2><span class=\"farbig\">Telefonie-Optionen<\/span> f\u00fcr den 1&amp;1 DSL 50 Tarif<\/h2>\n<ul>\n<li><strong>ISDN-Komfort<\/strong> (ohne Aufpreis beim 1&amp;1 DSL 50 Tarif): 5 Rufnummern (z.B. eigene Rufnummer f\u00fcr Fax oder B\u00fcro). Mehrere Anrufe\u00a0 gleichzeitig m\u00f6glich (\u00fcber den 1&amp;1 Router mit Telefonanlage). Anrufbeantworter im Netz von 1&amp;1, Rufnummernanzeige (CLIP), Rufumleitung, Parallel-Ruf, Konferenzschaltung, Anklopfen, Makeln, Halten uvm.<\/li>\n<li><strong>1&amp;1 Mobilfunk-Option (4,99 \u20ac je Monat):<\/strong> nur 9,9 statt 19,9 Cent je Minute f\u00fcr Anrufe vom 1&amp;1 Anschluss in alle deutschen Handynetze (z.B. Telekom, o2, Vodafone).<\/li>\n<li><strong>1&amp;1 Auslands-Option\u00a0<\/strong> (Hinweis: Call by Call kann mit 1&amp;1 Festnetz\u00a0 nicht genutzt werden):\n<ul>\n<li><strong>1&amp;1 Euro-Flat (4,99 \u20ac je Monat):<\/strong> zum Festpreis in das Festnetz von 25 europ\u00e4ischen L\u00e4ndern telefonieren. Mobilfunkverbindungen kosten 25 Ct.\/Min. Alternativ:<\/li>\n<li><strong>1&amp;1 World-Flat (14,99 \u20ac je Monat):<\/strong> zum Festpreis in das Festnetz von 60 internationalen L\u00e4ndern anrufen (inkl. der L\u00e4nder der Euro-Flat). Mobilverbindungen kosten 25 Ct.\/Min.<\/li>\n<\/ul>\n<\/li>\n<li>Als Erg\u00e4nzung f\u00fcr Ihren IP-basierten 1&amp;1 Anschluss erhalten Sie\u00a0 auf Wunsch g\u00fcnstige AVM <strong>DECT Schnurlostelefone sowie DECT-Repeater<\/strong>\u00a0 (Verst\u00e4rker) f\u00fcr die\u00a0 <strong><a href=\"https:\/\/aktionen-tarife.de\/1und1\/aktuelles\/fritzbox-avm\">Fritz!Box<\/a><\/strong>.<\/li>\n<\/ul>\n<hr \/>\n<h2>1&amp;1 DSL 50 &#8211; preiswerten VDSL Anschluss <span class=\"farbig\">bestellen<\/span><\/h2>\n<p><a href=\"https:\/\/aktionen-tarife.de\/1und1\/zum-anbieter\/festnetz\/1und1-festnetz-allgemein\" target=\"_blank\" rel=\"noopener\"><img decoding=\"async\" class=\"alignright size-full wp-image-552\" src=\"https:\/\/aktionen-tarife.de\/1und1\/inhalte\/2015\/09\/1und1-onlinebestellung.png\" alt=\"1&amp;1 Onlinebestellung\" width=\"150\" height=\"30\" srcset=\"https:\/\/aktionen-tarife.de\/1und1\/inhalte\/2015\/09\/1und1-onlinebestellung.png 150w, https:\/\/aktionen-tarife.de\/1und1\/inhalte\/2015\/09\/1und1-onlinebestellung-80x16.png 80w\" sizes=\"(max-width: 150px) 100vw, 150px\" \/><\/a>Der 1&amp;1 DSL 50 Anschluss \u00fcberzeugt Sie? Dann bestellen Sie jetzt <strong><a href=\"https:\/\/aktionen-tarife.de\/1und1\/zum-anbieter\/festnetz\/1und1-festnetz-allgemein\" target=\"_blank\" rel=\"noopener\">online<\/a><\/strong> oder lassen sich unverbindlich <strong><a href=\"https:\/\/aktionen-tarife.de\/1und1\/kontakt\/telefonische-beratung\">telefonisch beraten<\/a><\/strong>:<\/p>\n<p><span class=\"desktop-tablet\"><strong>Tel.:\u00a0<\/strong><strong><a href=\"tel:+4939434099911\" onclick=\"ga('send', 'event', 'hotline', 'hotline-content', 'hotline-content-mit-zeit');\">0 39 43 \/ 40 999 11<\/a><\/strong> (Mo.-Fr. 7:30-22 \/ Sa. 8-22 \/ So. + Feiertag 10-22 Uhr) <\/span><span class=\"smartphone\"><strong>Tel.\u00a0<\/strong><strong><a href=\"tel:+4939434099911\" onclick=\"ga('send', 'event', 'hotline', 'hotline-content', 'hotline-content-mit-zeit');\">0 39 43 \/ 40 999 11<\/a><\/strong> (Mo.-Fr. 7:30-22 \/ Sa. 8-22 \/ So. + Feiertag 10-22 Uhr)<\/span><\/p>\n<hr \/>\n<p><span style=\"color: #999999;\">*Alle Vertragsbedingungen finden Sie im <a href=\"https:\/\/aktionen-tarife.de\/1und1\/zum-anbieter\/festnetz\/1und1-festnetz-allgemein\" target=\"_blank\" rel=\"noopener\">1&amp;1 Onlineshop<\/a>. Den 1&amp;1 DSL 50 Tarif mit VDSL Anschluss gibt es wahlweise mit 24 Monaten oder ohne Mindestvertragslaufzeit. Bei Neuanschluss einmalige Technikergeb\u00fchr\u00a0 (Bereitstellungspreis)\u00a0 69,95 \u20ac.<\/span><\/p>\n","protected":false},"excerpt":{"rendered":"<p>Mit dem 1&amp;1 DSL 50 Tarif erhalten Sie f\u00fcr nur 31,99 \u20ac je Monat (viele Preisvorteile f\u00fcr Neukunden s.u.) einen schnellen VDSL Anschluss (Verf\u00fcgbarkeit hier) mit Flatrate zum Surfen ohne Drosselung sowie einen Telefonanschluss mit Flatrate zum Telefonieren in das deutsche Festnetz und ISDN-Komfort (bis zu 5 Rufnummern). Ein Telekomanschluss ist nicht mehr n\u00f6tig. Optional &hellip; <a href=\"https:\/\/aktionen-tarife.de\/1und1\/vdsl\/50-mbit\" class=\"more-link\"><span class=\"screen-reader-text\">1&#038;1 DSL 50 \u2013 g\u00fcnstige VDSL Internetflat und Telefonflat<\/span> weiterlesen <span class=\"meta-nav\">&rarr;<\/span><\/a><\/p>\n","protected":false},"author":30,"featured_media":0,"parent":1297,"menu_order":112100,"comment_status":"closed","ping_status":"closed","template":"","meta":{"footnotes":""},"class_list":["post-1300","page","type-page","status-publish","hentry"],"_links":{"self":[{"href":"https:\/\/aktionen-tarife.de\/1und1\/wp-json\/wp\/v2\/pages\/1300","targetHints":{"allow":["GET"]}}],"collection":[{"href":"https:\/\/aktionen-tarife.de\/1und1\/wp-json\/wp\/v2\/pages"}],"about":[{"href":"https:\/\/aktionen-tarife.de\/1und1\/wp-json\/wp\/v2\/types\/page"}],"author":[{"embeddable":true,"href":"https:\/\/aktionen-tarife.de\/1und1\/wp-json\/wp\/v2\/users\/30"}],"replies":[{"embeddable":true,"href":"https:\/\/aktionen-tarife.de\/1und1\/wp-json\/wp\/v2\/comments?post=1300"}],"version-history":[{"count":3,"href":"https:\/\/aktionen-tarife.de\/1und1\/wp-json\/wp\/v2\/pages\/1300\/revisions"}],"predecessor-version":[{"id":9255,"href":"https:\/\/aktionen-tarife.de\/1und1\/wp-json\/wp\/v2\/pages\/1300\/revisions\/9255"}],"up":[{"embeddable":true,"href":"https:\/\/aktionen-tarife.de\/1und1\/wp-json\/wp\/v2\/pages\/1297"}],"wp:attachment":[{"href":"https:\/\/aktionen-tarife.de\/1und1\/wp-json\/wp\/v2\/media?parent=1300"}],"curies":[{"name":"wp","href":"https:\/\/api.w.org\/{rel}","templated":true}]}}