{"id":1286,"date":"2017-07-02T00:01:35","date_gmt":"2017-07-01T22:01:35","guid":{"rendered":"https:\/\/aktionen-tarife.de\/1und1\/?page_id=1286"},"modified":"2022-12-22T19:34:08","modified_gmt":"2022-12-22T18:34:08","slug":"basic","status":"publish","type":"page","link":"https:\/\/aktionen-tarife.de\/1und1\/dsl\/basic","title":{"rendered":"1&#038;1 DSL Basic \/ 1&#038;1 DSL Special Tarif &#8211; extra g\u00fcnstiger DSL Anschluss"},"content":{"rendered":"<p><a href=\"https:\/\/aktionen-tarife.de\/1und1\/zum-anbieter\/festnetz\/1und1-festnetz-allgemein\" target=\"_blank\" rel=\"noopener\"><img decoding=\"async\" class=\"alignright size-full wp-image-552\" src=\"https:\/\/aktionen-tarife.de\/1und1\/inhalte\/2015\/09\/1und1-onlinebestellung.png\" alt=\"1&amp;1 Onlinebestellung\" width=\"150\" height=\"30\" srcset=\"https:\/\/aktionen-tarife.de\/1und1\/inhalte\/2015\/09\/1und1-onlinebestellung.png 150w, https:\/\/aktionen-tarife.de\/1und1\/inhalte\/2015\/09\/1und1-onlinebestellung-80x16.png 80w\" sizes=\"(max-width: 150px) 100vw, 150px\" \/><\/a>Das Komplettpaket <span class=\"farbig\">1&amp;1 DSL Basic<\/span> erhalten Sie zum Monatspreis von <span class=\"farbig\">24,99 \u20ac <\/span>(f\u00fcr Neukunden <span class=\"rot\">erste 12 Monate je nur 9,99 \u20ac<\/span>). Sie nutzen einen einfachen <a href=\"https:\/\/aktionen-tarife.de\/1und1\/dsl\"><strong>DSL<\/strong> <\/a>Anschluss (<strong><a href=\"https:\/\/aktionen-tarife.de\/1und1\/dsl\/verfuegbarkeit\">Verf\u00fcgbarkeit hier<\/a><\/strong>) mit Surf-Flatrate (Drosselung der Geschwindigkeit ab 100 GB \/ Monat) sowie einen Telefonanschluss mit Flatrate in das deutsche Festnetz. Ein <a href=\"https:\/\/telekom.tarife-angebote.de\/festnetz\" target=\"_blank\" rel=\"noopener\">Telekom-Anschluss<\/a> ist nicht mehr n\u00f6tig. <em>Empfehlung: ohne Drosselung surfen Sie mit den Tarifen <a href=\"https:\/\/aktionen-tarife.de\/1und1\/dsl\/16-mbit\">1&amp;1 DSL 16<\/a>, <a href=\"https:\/\/aktionen-tarife.de\/1und1\/vdsl\/50-mbit\">1&amp;1 DSL 50 <\/a>und <a href=\"https:\/\/aktionen-tarife.de\/1und1\/vdsl\/100-mbit\">1&amp;1 DSL 100<\/a>.<\/em><\/p>\n<hr \/>\n<h2><span class=\"farbig\">Angebote<\/span> f\u00fcr den 1&amp;1 DSL Basic Tarif im <span style=\"color: #ff0000;\">April 2026<\/span><\/h2>\n<p>Entscheiden Sie sich bis zum 30.04.2026 f\u00fcr den 1&amp;1 DSL Basic Tarif und sparen Sie:<\/p>\n<ul>\n<li>Die ersten <a href=\"https:\/\/aktionen-tarife.de\/1und1\/angebote\/1und1-dsl-vdsl-tarife-12-monate-je-15-euro-guenstiger-180-euro-sparen\">12 Monaten<\/a> nur 9,99 \u20ac und danach lediglich 24,99 \u20ac monatlich: 1&amp;1 DSL Neukunden <span class=\"farbig\">sparen 180 \u20ac<\/span> im ersten Jahr der Vertragslaufzeit.<\/li>\n<li>Von anderem Anbieter zu 1&amp;1 wechseln und <span class=\"farbig\">100 \u20ac Wechsel-Bonus<\/span> sichern &#8211; nur bei Abschluss eines 1&amp;1 DSL Vertrags mit Mindestvertragslaufzeit erh\u00e4ltlich!<\/li>\n<li><strong>Zufriedenheitsgarantie<\/strong> (1 Monat ohne Risiko testen), Qualit\u00e4tsgarantie, EasyStart Garantie, Leistungs-Garantie, Entst\u00f6rungs-Garantie, Lieferzeit-Garantie und mehr.<\/li>\n<li><strong><a href=\"https:\/\/aktionen-tarife.de\/1und1\/aktuelles\/fritzbox-avm\">Fritz!Box<\/a><\/strong> vom deutschen Markenhersteller AVM (siehe unten) kosteng\u00fcnstig mitbestellen.<\/li>\n<li>Der 1&amp;1 DSL Basic Tarif ist <strong>nicht ohne Mindestvertragslaufzeit<\/strong> erh\u00e4ltlich, alternativ: <em><a href=\"https:\/\/aktionen-tarife.de\/1und1\/dsl\/16-mbit\">1&amp;1 DSL 16<\/a>, <a href=\"https:\/\/aktionen-tarife.de\/1und1\/vdsl\/50-mbit\">1&amp;1 DSL 50 <\/a>und <a href=\"https:\/\/aktionen-tarife.de\/1und1\/vdsl\/100-mbit\">1&amp;1 DSL 100 <\/a><\/em>ohne Laufzeit m\u00f6glich.<\/li>\n<\/ul>\n<hr \/>\n<h2><span class=\"farbig\">Verf\u00fcgbarkeit<\/span> 1&amp;1 DSL Basic Anschluss (Breitband Netzausbau)<\/h2>\n<p><a href=\"https:\/\/aktionen-tarife.de\/1und1\/zum-anbieter\/festnetz\/1und1-festnetz-check\" target=\"_blank\" rel=\"noopener\"><img decoding=\"async\" class=\"alignright size-full wp-image-1676\" src=\"https:\/\/aktionen-tarife.de\/1und1\/inhalte\/2015\/12\/1und1-breitband-internet-dsl-vdsl-verfuegbarkeit-pruefen.png\" alt=\"1&amp;1 Breitband Internet (DSL \/ VDSL) Verf\u00fcgbarkeit pr\u00fcfen\" width=\"150\" height=\"30\" srcset=\"https:\/\/aktionen-tarife.de\/1und1\/inhalte\/2015\/12\/1und1-breitband-internet-dsl-vdsl-verfuegbarkeit-pruefen.png 150w, https:\/\/aktionen-tarife.de\/1und1\/inhalte\/2015\/12\/1und1-breitband-internet-dsl-vdsl-verfuegbarkeit-pruefen-80x16.png 80w\" sizes=\"(max-width: 150px) 100vw, 150px\" \/><\/a>Den Tarif 1&amp;1 DSL Basic erhalten Sie in diversen deutschen Regionen. Ob das Komplett-Paket 1&amp;1 DSL Basic (mit DSL 16.000) auch bei Ihnen <a href=\"https:\/\/aktionen-tarife.de\/1und1\/dsl\/verfuegbarkeit\">verf\u00fcgbar<\/a> ist, k\u00f6nnen Sie hier direkt unverbindlich <strong><a href=\"https:\/\/aktionen-tarife.de\/1und1\/zum-anbieter\/festnetz\/1und1-festnetz-check\" target=\"_blank\" rel=\"noopener\">online pr\u00fcfen<\/a><\/strong>.<\/p>\n<hr \/>\n<h2><span class=\"farbig\">Tarifdetails<\/span> 1&amp;1 DSL Basic mit Internetflat und Telefonflat<\/h2>\n<ul>\n<li><strong>1&amp;1 <\/strong><strong>DSL Internet-Anschluss<\/strong> (Downstream bis 16 MBit\/s und Upstream bis 1 MBit\/s) mit <strong>Internetzugang<\/strong>. Drosselung Bandbreite ab 100 GB pro Monat auf 1 MBit\/s und 128 kBit\/s.\n<ul>\n<li><em>Gegen einen kleinen Aufpreis Internet ohne Drosselung, z.B. <a href=\"https:\/\/aktionen-tarife.de\/1und1\/dsl\/16-mbit\">1&amp;1 DSL 16<\/a>.<\/em><\/li>\n<li>Weitere <a href=\"https:\/\/aktionen-tarife.de\/1und1\/dsl\/basic#internet\"><strong>Internet-Optionen<\/strong><\/a> gegen Aufpreis erh\u00e4ltlich, z.B. Sicherheitspaket.<\/li>\n<\/ul>\n<\/li>\n<li>1&amp;1 Festnetz <strong>Telefonanschluss mit Telefonflat<\/strong> in das gesamte deutsche Festnetz. Anrufe in deutsche Mobilfunknetze nur 19,9 Cent je Minute. Bei Bedarf: <strong><a href=\"https:\/\/aktionen-tarife.de\/1und1\/dsl\/basic#telefonie\">Telefonie-Optionen<\/a><\/strong>.\n<ul>\n<li><strong>ISDN Komfort<\/strong> optional f\u00fcr 2,99 \u20ac Aufpreis je Monat erh\u00e4ltlich (z.B. bis 10 Rufnummern, gleichzeitig telefonieren, Makeln und vieles mehr).<\/li>\n<\/ul>\n<\/li>\n<li>Bis zu 100 GB 1&amp;1 Online-Speicher f\u00fcr Ihre Daten (z.B. Fotos, Videos, Dokumente).<\/li>\n<li><em>Tipp: Fernsehen mit 1&amp;1 DSL (IPTV) mit den Tarifen <a href=\"https:\/\/aktionen-tarife.de\/1und1\/vdsl\/50-mbit\">VDSL 50<\/a> und <a href=\"https:\/\/aktionen-tarife.de\/1und1\/vdsl\/100-mbit\">VDSL 100<\/a> m\u00f6glich.<\/em><\/li>\n<\/ul>\n<hr \/>\n<h2><span class=\"farbig\">Bestellung <\/span>1&amp;1 DSL Basic Tarif mit DSL Anschluss und Telefonanschluss<\/h2>\n<p><a href=\"https:\/\/aktionen-tarife.de\/1und1\/zum-anbieter\/festnetz\/1und1-festnetz-allgemein\" target=\"_blank\" rel=\"noopener\"><img decoding=\"async\" class=\"alignright size-full wp-image-552\" src=\"https:\/\/aktionen-tarife.de\/1und1\/inhalte\/2015\/09\/1und1-onlinebestellung.png\" alt=\"1&amp;1 Onlinebestellung\" width=\"150\" height=\"30\" srcset=\"https:\/\/aktionen-tarife.de\/1und1\/inhalte\/2015\/09\/1und1-onlinebestellung.png 150w, https:\/\/aktionen-tarife.de\/1und1\/inhalte\/2015\/09\/1und1-onlinebestellung-80x16.png 80w\" sizes=\"(max-width: 150px) 100vw, 150px\" \/><\/a><span class=\"desktop-tablet\">1&amp;1 Breitband Neukunden k\u00f6nnen den 1&amp;1 DSL Basic Tarif am besten <a href=\"https:\/\/aktionen-tarife.de\/1und1\/zum-anbieter\/festnetz\/1und1-festnetz-allgemein\" target=\"_blank\" rel=\"noopener\"><strong>online bestellen<\/strong><\/a>. Bez\u00fcglich \u00c4nderungen von bestehenden 1&amp;1 DSL Anschl\u00fcssen wenden Sie sich bitte an den <a href=\"https:\/\/aktionen-tarife.de\/1und1\/kontakt\/kundenservice\">Kundenservice<\/a>. <\/span><span class=\"smartphone\">1&amp;1 DSL Basic Tarif direkt im <strong><a href=\"https:\/\/aktionen-tarife.de\/1und1\/zum-anbieter\/festnetz\/1und1-festnetz-allgemein\" target=\"_blank\" rel=\"noopener\">1&amp;1 Onlineshop<\/a><\/strong> bestellen.<\/span><\/p>\n<p><a href=\"https:\/\/aktionen-tarife.de\/1und1\/kontakt\/telefonische-beratung\"><img decoding=\"async\" class=\"alignright size-full wp-image-553\" src=\"https:\/\/aktionen-tarife.de\/1und1\/inhalte\/2015\/09\/1und1-telefonisch-bestellen.png\" alt=\"1&amp;1 telefonisch bestellen\" width=\"150\" height=\"30\" srcset=\"https:\/\/aktionen-tarife.de\/1und1\/inhalte\/2015\/09\/1und1-telefonisch-bestellen.png 150w, https:\/\/aktionen-tarife.de\/1und1\/inhalte\/2015\/09\/1und1-telefonisch-bestellen-80x16.png 80w\" sizes=\"(max-width: 150px) 100vw, 150px\" \/><\/a><span class=\"desktop-tablet\">Wir nehmen 1&amp;1 DSL Basic Bestellungen von <strong>Neukunden<\/strong> auch gerne telefonisch unter <strong><a href=\"tel:+4939434099911\" onclick=\"ga('send', 'event', 'hotline', 'hotline-content', 'hotline-content-ohne-zeit');\">0 39 43 \/ 40 999 11<\/a><\/strong> entgegen oder Sie nutzen kostenfrei unseren unverbindlichen <a href=\"https:\/\/aktionen-tarife.de\/1und1\/kontakt\/telefonische-beratung\">R\u00fcckruf-Service<\/a>. <\/span><span class=\"smartphone\">1&amp;1 Breitband <strong>Neukunden<\/strong> k\u00f6nnen den DSL Basic Anschluss unter <strong><a href=\"tel:+4939434099911\" onclick=\"ga('send', 'event', 'hotline', 'hotline-content', 'hotline-content-ohne-zeit');\">0 39 43 \/ 40 999 11<\/a><\/strong> telefonisch bestellen (<a href=\"https:\/\/aktionen-tarife.de\/1und1\/kontakt\/telefonische-beratung\">R\u00fcckruf-Service hier<\/a>).<\/span><\/p>\n<p><img decoding=\"async\" class=\"alignright size-full wp-image-554\" src=\"https:\/\/aktionen-tarife.de\/1und1\/inhalte\/2015\/09\/1und1-bestellformular-pdf.png\" alt=\"1&amp;1 Bestellformular (PDF)\" width=\"150\" height=\"30\" srcset=\"https:\/\/aktionen-tarife.de\/1und1\/inhalte\/2015\/09\/1und1-bestellformular-pdf.png 150w, https:\/\/aktionen-tarife.de\/1und1\/inhalte\/2015\/09\/1und1-bestellformular-pdf-80x16.png 80w\" sizes=\"(max-width: 150px) 100vw, 150px\" \/><span class=\"desktop-tablet\">F\u00fcr 1&amp;1 Festnetz Neukunden: den 1&amp;1 DSL Basic Tarif k\u00f6nnen Sie schriftlich mit unserem <strong>PDF Bestellformular<\/strong> bestellen. Auf Wunsch senden wir Ihnen einen Flyer inklusive Auftragsformular <a href=\"https:\/\/aktionen-tarife.de\/1und1\/kontakt\/unterlagen-zusenden\">per Post zu<\/a>. <\/span><span class=\"smartphone\">F\u00fcr 1&amp;1 Breitband Neukunden: 1&amp;1 DSL Basic Tarif per <strong>PDF Bestellformular<\/strong> beauftragen oder Unterlagen <strong><a href=\"https:\/\/aktionen-tarife.de\/1und1\/kontakt\/unterlagen-zusenden\">zusenden lassen<\/a><\/strong>.<\/span><\/p>\n<hr \/>\n<h2><span class=\"farbig\">WLAN Router \/ 1&amp;1 HomeServer<\/span> f\u00fcr den 1&amp;1 DSL Basic Tarif<\/h2>\n<p><img decoding=\"async\" class=\"alignright size-medium wp-image-1332\" src=\"https:\/\/aktionen-tarife.de\/1und1\/inhalte\/2015\/11\/homeserver-plus-avm-7490-wlan-router-dsl-vdsl-150x100.jpg\" alt=\"1&amp;1 HomeServer+ - AVM 7490 (WLAN Router f\u00fcr DSL \/ VDSL)\" width=\"150\" height=\"100\" srcset=\"https:\/\/aktionen-tarife.de\/1und1\/inhalte\/2015\/11\/homeserver-plus-avm-7490-wlan-router-dsl-vdsl-150x100.jpg 150w, https:\/\/aktionen-tarife.de\/1und1\/inhalte\/2015\/11\/homeserver-plus-avm-7490-wlan-router-dsl-vdsl.jpg 300w, https:\/\/aktionen-tarife.de\/1und1\/inhalte\/2015\/11\/homeserver-plus-avm-7490-wlan-router-dsl-vdsl-80x53.jpg 80w, https:\/\/aktionen-tarife.de\/1und1\/inhalte\/2015\/11\/homeserver-plus-avm-7490-wlan-router-dsl-vdsl-210x140.jpg 210w\" sizes=\"(max-width: 150px) 100vw, 150px\" \/>Um den 1&amp;1 <a href=\"https:\/\/aktionen-tarife.de\/1und1\/dsl\/verfuegbarkeit\">DSL Anschluss<\/a> mit all seinen M\u00f6glichkeiten zu nutzen, ben\u00f6tigen Sie einen passenden WLAN Router \/ Modem (Tipp: <a href=\"https:\/\/aktionen-tarife.de\/1und1\/aktuelles\/homeserver\">1&amp;1 HomeServer<\/a>) zum g\u00fcnstigen Monatspreis (\u00e4hnlich wie bei der Telekom). 1&amp;1 bietet diverse leistungsstarke Ger\u00e4te des deutschen Markenherstellers AVM (<strong><a href=\"https:\/\/aktionen-tarife.de\/1und1\/aktuelles\/fritzbox-avm\">Fritz!Box<\/a><\/strong>) an:<\/p>\n<ul>\n<li><a href=\"https:\/\/aktionen-tarife.de\/1und1\/zuhause\/wlan-modem-avm-fritzbox-7412-dsl-vdsl\"><strong>1&amp;1 WLAN-Modem<\/strong> (AVM 7412)<\/a> (2,99 \u20ac je Monat): 1 Gigabit LAN Port. WLAN bis 300 MBit\/s (n-Standard). Anschluss eines analogen Telefons m\u00f6glich.<\/li>\n<li><a href=\"https:\/\/aktionen-tarife.de\/1und1\/zuhause\/homeserver-speed-avm-fritzbox-7560-wlan-router-dsl-vdsl\"><strong>1&amp;1 HomeServer Speed<\/strong> \/ AVM FritzBox 7560<\/a> (4,99 \u20ac je Monat): 4 Gigabit LAN und Highspeed WLAN. F\u00fcr 1 analoges Telefon. Integrierte DECT-Basisstation. F\u00fcr 1&amp;1 DSL Basic.<\/li>\n<li><a href=\"https:\/\/aktionen-tarife.de\/1und1\/zuhause\/businessserver-avm-fritzbox-7580-wlan-router-dsl-vdsl\"><strong>1&amp;1 BusinessServer<\/strong> \/ AVM FritzBox 7580<\/a> (6,99 \u20ac je Monat \/ <span class=\"rot\">Empfehlung<\/span>): Nachfolger der bekannten <a href=\"https:\/\/aktionen-tarife.de\/1und1\/archiv-geraete\/homeserver-plus-avm-fritzbox-7490-wlan-router-dsl-vdsl\">AVM FritzBox 7490<\/a>. Noch mehr Leistung = 4 Gigabit LAN Schnittstellen sowie neueste WLAN-Technologie mit Multi-User MIMO (mehr Speed und mehr Reichweite). Telefonanlage f\u00fcr 2 analoge Endger\u00e4te + integrierte DECT-Basis + S0 f\u00fcr ISDN-Endger\u00e4te.<\/li>\n<li><a href=\"https:\/\/aktionen-tarife.de\/1und1\/zuhause\/kabel-modem\">1&amp;1 Kabel-Modem<\/a> (0 \u20ac \/ Monat): KEIN WLAN. 1 LAN Anschluss. F\u00fcr 1 Analogtelefon. <a id=\"internet\"><\/a><\/li>\n<\/ul>\n<hr \/>\n<h2><span class=\"farbig\">Internet-Optionen<\/span> f\u00fcr den 1&amp;1 DSL Basic Tarif<\/h2>\n<ul>\n<li><strong><a href=\"https:\/\/aktionen-tarife.de\/1und1\/dsl-vdsl\/optionen\/sicherheitspaket-symantec-norton-360-multi-device\">1&amp;1 Sicherheitspaket<\/a> (4,99 \u20ac je Monat):<\/strong> Norton 360 Multi-Device. Schutz vor allen aktuellen Internetgefahren wie z.B. Viren, W\u00fcrmern oder Hackern. F\u00fcr bis zu 4 Ger\u00e4te.<\/li>\n<li>G\u00fcnstiges <strong>AVM Zubeh\u00f6r<\/strong>: AVM WLAN Stick f\u00fcr den 1&amp;1 HomeServer mitbestellen. <a id=\"telefonie\"><\/a><\/li>\n<\/ul>\n<hr \/>\n<h2><span class=\"farbig\">Telefonie-Optionen<\/span> f\u00fcr den 1&amp;1 DSL Basic Tarif<\/h2>\n<ul>\n<li><strong>ISDN-Komfort (2,99 \u20ac mtl.):<\/strong> 3 Rufnummern (z.B. eigene Rufnummern f\u00fcr das Fax-Ger\u00e4t). Gleichzeitige Telefonate m\u00f6glich (nur mit 1&amp;1 IP-Router). Anrufbeantworter, Rufnummernanzeige, Makeln, Halten, Parallel-Ruf, Rufumleitung, Anklopfen uvm.<\/li>\n<li>Hinweis: Call by Call kann mit einem 1&amp;1 Festnetz-Anschluss nicht genutzt werden.<\/li>\n<li><strong>Mobilfunk-Option (4,99 \u20ac je Monat):<\/strong> nur 9,9 statt 19,9 Cent pro Minute f\u00fcr Anrufe vom 1&amp;1 Anschluss in alle deutschen Mobilfunknetze (z.B. Telekom, Vodafone, o2).<\/li>\n<li><strong style=\"line-height: 1.5;\">Euro-Flat (4,99 \u20ac je Monat):<\/strong><span style=\"line-height: 1.5;\"> zum Festpreis in das Festnetz von 25 europ\u00e4ischen L\u00e4ndern telefonieren. Mobilfunkverbindungen kosten 25 Ct.\/Min. Alternativ:<\/span><\/li>\n<li><strong>World-Flat (14,99 \u20ac je Monat):<\/strong> zum Festpreis in das Festnetz von 60 internationalen L\u00e4ndern anrufen (inkl. der L\u00e4nder der Euro-Flat). Mobilverbindungen kosten 25 Ct.\/Min.<\/li>\n<\/ul>\n<hr \/>\n<h2>1&amp;1 DSL Basic &#8211; g\u00fcnstiges DSL-Paket <span class=\"farbig\">bestellen<\/span><\/h2>\n<p><a href=\"https:\/\/aktionen-tarife.de\/1und1\/zum-anbieter\/festnetz\/1und1-festnetz-allgemein\" target=\"_blank\" rel=\"noopener\"><img decoding=\"async\" class=\"alignright size-full wp-image-552\" src=\"https:\/\/aktionen-tarife.de\/1und1\/inhalte\/2015\/09\/1und1-onlinebestellung.png\" alt=\"1&amp;1 Onlinebestellung\" width=\"150\" height=\"30\" srcset=\"https:\/\/aktionen-tarife.de\/1und1\/inhalte\/2015\/09\/1und1-onlinebestellung.png 150w, https:\/\/aktionen-tarife.de\/1und1\/inhalte\/2015\/09\/1und1-onlinebestellung-80x16.png 80w\" sizes=\"(max-width: 150px) 100vw, 150px\" \/><\/a>Der 1&amp;1 DSL Basic Tarif \u00fcberzeugt Sie? Dann bestellen Sie jetzt <strong><a href=\"https:\/\/aktionen-tarife.de\/1und1\/zum-anbieter\/festnetz\/1und1-festnetz-allgemein\" target=\"_blank\" rel=\"noopener\">online<\/a><\/strong> oder lassen sich unverbindlich <strong><a href=\"https:\/\/aktionen-tarife.de\/1und1\/kontakt\/telefonische-beratung\">telefonisch beraten<\/a><\/strong>:<\/p>\n<p><span class=\"desktop-tablet\"><strong>Tel.: <\/strong><strong><a href=\"tel:+4939434099911\" onclick=\"ga('send', 'event', 'hotline', 'hotline-content', 'hotline-content-mit-zeit');\">0 39 43 \/ 40 999 11<\/a><\/strong> (Mo.-Fr. 7:30-22 \/ Sa. 8-22 \/ So. + Feiertag 10-22 Uhr) <\/span><span class=\"smartphone\"><strong>Tel. <\/strong><strong><a href=\"tel:+4939434099911\" onclick=\"ga('send', 'event', 'hotline', 'hotline-content', 'hotline-content-mit-zeit');\">0 39 43 \/ 40 999 11<\/a><\/strong> (Mo.-Fr. 7:30-22 \/ Sa. 8-22 \/ So. + Feiertag 10-22 Uhr)<\/span><\/p>\n<hr \/>\n<p><span style=\"color: #999999;\">*Alle Vertragsbedingungen zum 1&amp;1 Basic Festnetz Tarif finden Sie im <a href=\"https:\/\/aktionen-tarife.de\/1und1\/zum-anbieter\/festnetz\/1und1-festnetz-allgemein\" target=\"_blank\" rel=\"noopener\">1&amp;1 Onlineshop<\/a>. Den 1&amp;1 DSL Basic Tarif mit DSL Anschluss erhalten Sie mit 24 Monaten Laufzeit. Bei Neuanschluss einmalige Technikergeb\u00fchr (Bereitstellungspreis) 69,95 \u20ac.<\/span><\/p>\n","protected":false},"excerpt":{"rendered":"<p>Das Komplettpaket 1&amp;1 DSL Basic erhalten Sie zum Monatspreis von 24,99 \u20ac (f\u00fcr Neukunden erste 12 Monate je nur 9,99 \u20ac). Sie nutzen einen einfachen DSL Anschluss (Verf\u00fcgbarkeit hier) mit Surf-Flatrate (Drosselung der Geschwindigkeit ab 100 GB \/ Monat) sowie einen Telefonanschluss mit Flatrate in das deutsche Festnetz. Ein Telekom-Anschluss ist nicht mehr n\u00f6tig. Empfehlung: &hellip; <a href=\"https:\/\/aktionen-tarife.de\/1und1\/dsl\/basic\" class=\"more-link\"><span class=\"screen-reader-text\">1&#038;1 DSL Basic \/ 1&#038;1 DSL Special Tarif &#8211; extra g\u00fcnstiger DSL Anschluss<\/span> weiterlesen <span class=\"meta-nav\">&rarr;<\/span><\/a><\/p>\n","protected":false},"author":30,"featured_media":0,"parent":1282,"menu_order":111100,"comment_status":"closed","ping_status":"closed","template":"","meta":{"footnotes":""},"class_list":["post-1286","page","type-page","status-publish","hentry"],"_links":{"self":[{"href":"https:\/\/aktionen-tarife.de\/1und1\/wp-json\/wp\/v2\/pages\/1286","targetHints":{"allow":["GET"]}}],"collection":[{"href":"https:\/\/aktionen-tarife.de\/1und1\/wp-json\/wp\/v2\/pages"}],"about":[{"href":"https:\/\/aktionen-tarife.de\/1und1\/wp-json\/wp\/v2\/types\/page"}],"author":[{"embeddable":true,"href":"https:\/\/aktionen-tarife.de\/1und1\/wp-json\/wp\/v2\/users\/30"}],"replies":[{"embeddable":true,"href":"https:\/\/aktionen-tarife.de\/1und1\/wp-json\/wp\/v2\/comments?post=1286"}],"version-history":[{"count":3,"href":"https:\/\/aktionen-tarife.de\/1und1\/wp-json\/wp\/v2\/pages\/1286\/revisions"}],"predecessor-version":[{"id":9248,"href":"https:\/\/aktionen-tarife.de\/1und1\/wp-json\/wp\/v2\/pages\/1286\/revisions\/9248"}],"up":[{"embeddable":true,"href":"https:\/\/aktionen-tarife.de\/1und1\/wp-json\/wp\/v2\/pages\/1282"}],"wp:attachment":[{"href":"https:\/\/aktionen-tarife.de\/1und1\/wp-json\/wp\/v2\/media?parent=1286"}],"curies":[{"name":"wp","href":"https:\/\/api.w.org\/{rel}","templated":true}]}}